{"id":1106,"date":"2025-07-24T13:54:58","date_gmt":"2025-07-24T16:54:58","guid":{"rendered":"https:\/\/lojaodocambioautomatico.com.br\/?post_type=product&#038;p=1106"},"modified":"2025-07-24T13:54:58","modified_gmt":"2025-07-24T16:54:58","slug":"jogo-de-disco-composite-09g-2-0","status":"publish","type":"product","link":"https:\/\/lojaodocambioautomatico.com.br\/?product=jogo-de-disco-composite-09g-2-0","title":{"rendered":"JOGO DE DISCO COMPOSITE 09G 2.0"},"content":{"rendered":"<h2 class=\"ui-pdp-description__title\" data-testid=\"title\">Descri\u00e7\u00e3o<\/h2>\n<p class=\"ui-pdp-description__content\" data-testid=\"content\">Jogo de Discos Composite para c\u00e2mbio autom\u00e1tico 09G \/ TF-60SN<\/p>\n<p>ITENS:<br \/>\n01x Jogo de discos Composite<\/p>\n<p>VE\u00cdCULOS:<br \/>\nVw Jetta 2.0 &#8211; c\u00e2mbio autom\u00e1tico 6 marchas (n\u00e3o dsg)<br \/>\nVw Golf &#8211; c\u00e2mbio autom\u00e1tico 6 marchas (n\u00e3o dsg)<br \/>\nVw Pollo &#8211; c\u00e2mbio autom\u00e1tico 6 marchas (n\u00e3o dsg)<br \/>\nVw Passat &#8211; c\u00e2mbio autom\u00e1tico 6 marchas (n\u00e3o dsg)<br \/>\nVw Bora &#8211; c\u00e2mbio autom\u00e1tico 6 marchas (n\u00e3o dsg)<br \/>\nVw New Beetle &#8211; c\u00e2mbio autom\u00e1tico 6 marchas (n\u00e3o dsg)<\/p>\n","protected":false},"excerpt":{"rendered":"<p>Descri\u00e7\u00e3o Jogo de Discos Composite para c\u00e2mbio autom\u00e1tico 09G \/ TF-60SN ITENS: 01x Jogo de discos Composite VE\u00cdCULOS: Vw Jetta 2.0 &#8211; c\u00e2mbio autom\u00e1tico 6 marchas<span class=\"excerpt-hellip\"> [\u2026]<\/span><\/p>\n","protected":false},"featured_media":1108,"comment_status":"open","ping_status":"closed","template":"","meta":{"_joinchat":[]},"product_brand":[],"product_cat":[128],"product_tag":[],"class_list":{"0":"post-1106","1":"product","2":"type-product","3":"status-publish","4":"has-post-thumbnail","6":"product_cat-discos","8":"first","9":"instock","10":"taxable","11":"shipping-taxable","12":"purchasable","13":"product-type-simple"},"_links":{"self":[{"href":"https:\/\/lojaodocambioautomatico.com.br\/index.php?rest_route=\/wp\/v2\/product\/1106","targetHints":{"allow":["GET"]}}],"collection":[{"href":"https:\/\/lojaodocambioautomatico.com.br\/index.php?rest_route=\/wp\/v2\/product"}],"about":[{"href":"https:\/\/lojaodocambioautomatico.com.br\/index.php?rest_route=\/wp\/v2\/types\/product"}],"replies":[{"embeddable":true,"href":"https:\/\/lojaodocambioautomatico.com.br\/index.php?rest_route=%2Fwp%2Fv2%2Fcomments&post=1106"}],"version-history":[{"count":2,"href":"https:\/\/lojaodocambioautomatico.com.br\/index.php?rest_route=\/wp\/v2\/product\/1106\/revisions"}],"predecessor-version":[{"id":1111,"href":"https:\/\/lojaodocambioautomatico.com.br\/index.php?rest_route=\/wp\/v2\/product\/1106\/revisions\/1111"}],"wp:featuredmedia":[{"embeddable":true,"href":"https:\/\/lojaodocambioautomatico.com.br\/index.php?rest_route=\/wp\/v2\/media\/1108"}],"wp:attachment":[{"href":"https:\/\/lojaodocambioautomatico.com.br\/index.php?rest_route=%2Fwp%2Fv2%2Fmedia&parent=1106"}],"wp:term":[{"taxonomy":"product_brand","embeddable":true,"href":"https:\/\/lojaodocambioautomatico.com.br\/index.php?rest_route=%2Fwp%2Fv2%2Fproduct_brand&post=1106"},{"taxonomy":"product_cat","embeddable":true,"href":"https:\/\/lojaodocambioautomatico.com.br\/index.php?rest_route=%2Fwp%2Fv2%2Fproduct_cat&post=1106"},{"taxonomy":"product_tag","embeddable":true,"href":"https:\/\/lojaodocambioautomatico.com.br\/index.php?rest_route=%2Fwp%2Fv2%2Fproduct_tag&post=1106"}],"curies":[{"name":"wp","href":"https:\/\/api.w.org\/{rel}","templated":true}]}}