{"id":1137,"date":"2025-07-26T09:56:12","date_gmt":"2025-07-26T12:56:12","guid":{"rendered":"https:\/\/lojaodocambioautomatico.com.br\/?post_type=product&#038;p=1137"},"modified":"2025-10-01T12:48:36","modified_gmt":"2025-10-01T15:48:36","slug":"kit-overhaul-a6lf1-a6lf2-hyundai-com-aneis-a634202","status":"publish","type":"product","link":"https:\/\/lojaodocambioautomatico.com.br\/?product=kit-overhaul-a6lf1-a6lf2-hyundai-com-aneis-a634202","title":{"rendered":"KIT OVERHAUL A6LF1 A6LF2 HYUNDAI COM AN\u00c9IS A634202"},"content":{"rendered":"<h2 class=\"ui-pdp-description__title\" data-testid=\"title\">Descri\u00e7\u00e3o<\/h2>\n<p class=\"ui-pdp-description__content\" data-testid=\"content\">OVERHAUL KIT DO C\u00c2MBIO AUTOM\u00c1TICO A6LF1<\/p>\n<p>APLICA\u00c7\u00d5ES :<br \/>\nAZERA 2011 6 SP FWD V6 3.3L<br \/>\nAZERA 2011 6 SP FWD V6 3.8L<br \/>\nSANTA FE 2007\/2018 6 SP F\/4WD L4 2.2L<br \/>\nSANTA FE 2012\/2018 6 SP F\/4WD L4 2.0L V6 3.3L<br \/>\nSANTA FE 2012\/2018 6 SP F\/4WD L4 2.0L V6 3.3L 3.5L<br \/>\nSONATA 2010\/2018 6 SP FWD L4 2.0L<br \/>\nTUCSON 2009\/2018 6 SP F\/4WD L4 2.0L<br \/>\nTUCSON 2010\/2018 6 SP FWD L4 2.0L<br \/>\nVERACRUZ 2011\/2015 6 SP F\/4WD V6 3.0L<br \/>\nSORENTO 2009\/2018 6 SP F\/4WD L4 2.2L<br \/>\nSORENTO 2009\/2018 6 SP F\/4WD L4 2.0L 2.4L V6 3.3L 3.5L<br \/>\nSORENTO 2014\/2018 6 SP F\/4WD V6 3.3L<br \/>\nSPORTAGE 2010\/2018 6 SP F\/4WD L4 2.0L<\/p>\n<p>COMPOSI\u00c7\u00c3O:<br \/>\n1 KIT JOGO DE JUNTAS A6LF1<\/p>\n","protected":false},"excerpt":{"rendered":"<p>Descri\u00e7\u00e3o OVERHAUL KIT DO C\u00c2MBIO AUTOM\u00c1TICO A6LF1 APLICA\u00c7\u00d5ES : AZERA 2011 6 SP FWD V6 3.3L AZERA 2011 6 SP FWD V6 3.8L SANTA FE 2007\/2018<span class=\"excerpt-hellip\"> [\u2026]<\/span><\/p>\n","protected":false},"featured_media":1138,"comment_status":"open","ping_status":"closed","template":"","meta":{"_joinchat":[]},"product_brand":[],"product_cat":[143],"product_tag":[],"class_list":{"0":"post-1137","1":"product","2":"type-product","3":"status-publish","4":"has-post-thumbnail","6":"product_cat-kit-overhaul","8":"first","9":"outofstock","10":"taxable","11":"shipping-taxable","12":"purchasable","13":"product-type-simple"},"_links":{"self":[{"href":"https:\/\/lojaodocambioautomatico.com.br\/index.php?rest_route=\/wp\/v2\/product\/1137","targetHints":{"allow":["GET"]}}],"collection":[{"href":"https:\/\/lojaodocambioautomatico.com.br\/index.php?rest_route=\/wp\/v2\/product"}],"about":[{"href":"https:\/\/lojaodocambioautomatico.com.br\/index.php?rest_route=\/wp\/v2\/types\/product"}],"replies":[{"embeddable":true,"href":"https:\/\/lojaodocambioautomatico.com.br\/index.php?rest_route=%2Fwp%2Fv2%2Fcomments&post=1137"}],"version-history":[{"count":3,"href":"https:\/\/lojaodocambioautomatico.com.br\/index.php?rest_route=\/wp\/v2\/product\/1137\/revisions"}],"predecessor-version":[{"id":1424,"href":"https:\/\/lojaodocambioautomatico.com.br\/index.php?rest_route=\/wp\/v2\/product\/1137\/revisions\/1424"}],"wp:featuredmedia":[{"embeddable":true,"href":"https:\/\/lojaodocambioautomatico.com.br\/index.php?rest_route=\/wp\/v2\/media\/1138"}],"wp:attachment":[{"href":"https:\/\/lojaodocambioautomatico.com.br\/index.php?rest_route=%2Fwp%2Fv2%2Fmedia&parent=1137"}],"wp:term":[{"taxonomy":"product_brand","embeddable":true,"href":"https:\/\/lojaodocambioautomatico.com.br\/index.php?rest_route=%2Fwp%2Fv2%2Fproduct_brand&post=1137"},{"taxonomy":"product_cat","embeddable":true,"href":"https:\/\/lojaodocambioautomatico.com.br\/index.php?rest_route=%2Fwp%2Fv2%2Fproduct_cat&post=1137"},{"taxonomy":"product_tag","embeddable":true,"href":"https:\/\/lojaodocambioautomatico.com.br\/index.php?rest_route=%2Fwp%2Fv2%2Fproduct_tag&post=1137"}],"curies":[{"name":"wp","href":"https:\/\/api.w.org\/{rel}","templated":true}]}}