{"id":1159,"date":"2025-07-31T10:21:52","date_gmt":"2025-07-31T13:21:52","guid":{"rendered":"https:\/\/lojaodocambioautomatico.com.br\/?post_type=product&#038;p=1159"},"modified":"2025-07-31T10:21:52","modified_gmt":"2025-07-31T13:21:52","slug":"kit-sensor-de-velocidade-powershift-new-fiesta-focus-ecosport","status":"publish","type":"product","link":"https:\/\/lojaodocambioautomatico.com.br\/?product=kit-sensor-de-velocidade-powershift-new-fiesta-focus-ecosport","title":{"rendered":"KIT SENSOR DE VELOCIDADE POWERSHIFT NEW FIESTA FOCUS ECOSPORT"},"content":{"rendered":"<h2 class=\"ui-pdp-description__title\" data-testid=\"title\">Descri\u00e7\u00e3o<\/h2>\n<p class=\"ui-pdp-description__content\" data-testid=\"content\">&gt; KIT SENSOR VELOCIDADE DA TRANSMISS\u00c3O AUTOM\u00c1TICA POWERSHIFT<br \/>\n&#8211; Jogo de Sensores de Velocidade C\u00e2mbio Powershift<br \/>\n&#8211; New Fiesta, Focus, EcoSport<\/p>\n<p>&#8211; C\u00f3digos de Refer\u00eancia:<br \/>\n&#8211; AE8Z7M101A AE8Z7M101B AE8Z7H103A<\/p>\n<p>&gt; CONTE\u00daDO:<br \/>\n&#8211; AE8Z7H103A &#8211; Sensor de Velocidade da Transmiss\u00e3o Autom\u00e1tica<br \/>\n&#8211; AE8Z7M101A &#8211; Sensor-1 Velocidade do Eixo Turbina Caixa Marcha Powershift<br \/>\n&#8211; AE8Z7M101B &#8211; Sensor-2 Velocidade do Eixo Turbina Caixa Marcha Powershift<\/p>\n<p>&gt; APLICA\u00c7\u00c3O:<br \/>\n&#8211; EcoSport (22\/10\/2012 \u00e0 25\/06\/2017)<br \/>\n&#8211; New Fiesta (01\/04\/2013 \u00e0 08\/07\/2019)<br \/>\n&#8211; Focus (22\/07\/2013 \u00e0 20\/05\/2019)<\/p>\n<p>&#8211; Pe\u00e7a para Transmiss\u00f5es Autom\u00e1ticas<br \/>\n&#8211; Produto Importado e Novo<br \/>\n&#8211; Fotos Reais do Produto<\/p>\n","protected":false},"excerpt":{"rendered":"<p>Descri\u00e7\u00e3o &gt; KIT SENSOR VELOCIDADE DA TRANSMISS\u00c3O AUTOM\u00c1TICA POWERSHIFT &#8211; Jogo de Sensores de Velocidade C\u00e2mbio Powershift &#8211; New Fiesta, Focus, EcoSport &#8211; C\u00f3digos de Refer\u00eancia:<span class=\"excerpt-hellip\"> [\u2026]<\/span><\/p>\n","protected":false},"featured_media":1160,"comment_status":"open","ping_status":"closed","template":"","meta":{"_joinchat":[]},"product_brand":[],"product_cat":[147],"product_tag":[],"class_list":{"0":"post-1159","1":"product","2":"type-product","3":"status-publish","4":"has-post-thumbnail","6":"product_cat-sensores","8":"first","9":"instock","10":"taxable","11":"shipping-taxable","12":"purchasable","13":"product-type-simple"},"_links":{"self":[{"href":"https:\/\/lojaodocambioautomatico.com.br\/index.php?rest_route=\/wp\/v2\/product\/1159","targetHints":{"allow":["GET"]}}],"collection":[{"href":"https:\/\/lojaodocambioautomatico.com.br\/index.php?rest_route=\/wp\/v2\/product"}],"about":[{"href":"https:\/\/lojaodocambioautomatico.com.br\/index.php?rest_route=\/wp\/v2\/types\/product"}],"replies":[{"embeddable":true,"href":"https:\/\/lojaodocambioautomatico.com.br\/index.php?rest_route=%2Fwp%2Fv2%2Fcomments&post=1159"}],"version-history":[{"count":2,"href":"https:\/\/lojaodocambioautomatico.com.br\/index.php?rest_route=\/wp\/v2\/product\/1159\/revisions"}],"predecessor-version":[{"id":1165,"href":"https:\/\/lojaodocambioautomatico.com.br\/index.php?rest_route=\/wp\/v2\/product\/1159\/revisions\/1165"}],"wp:featuredmedia":[{"embeddable":true,"href":"https:\/\/lojaodocambioautomatico.com.br\/index.php?rest_route=\/wp\/v2\/media\/1160"}],"wp:attachment":[{"href":"https:\/\/lojaodocambioautomatico.com.br\/index.php?rest_route=%2Fwp%2Fv2%2Fmedia&parent=1159"}],"wp:term":[{"taxonomy":"product_brand","embeddable":true,"href":"https:\/\/lojaodocambioautomatico.com.br\/index.php?rest_route=%2Fwp%2Fv2%2Fproduct_brand&post=1159"},{"taxonomy":"product_cat","embeddable":true,"href":"https:\/\/lojaodocambioautomatico.com.br\/index.php?rest_route=%2Fwp%2Fv2%2Fproduct_cat&post=1159"},{"taxonomy":"product_tag","embeddable":true,"href":"https:\/\/lojaodocambioautomatico.com.br\/index.php?rest_route=%2Fwp%2Fv2%2Fproduct_tag&post=1159"}],"curies":[{"name":"wp","href":"https:\/\/api.w.org\/{rel}","templated":true}]}}