{"id":1192,"date":"2025-08-04T09:53:53","date_gmt":"2025-08-04T12:53:53","guid":{"rendered":"https:\/\/lojaodocambioautomatico.com.br\/?post_type=product&#038;p=1192"},"modified":"2025-08-04T09:54:47","modified_gmt":"2025-08-04T12:54:47","slug":"kit-overhaul-cambio-automatico-6r80-3180-2000-on","status":"publish","type":"product","link":"https:\/\/lojaodocambioautomatico.com.br\/?product=kit-overhaul-cambio-automatico-6r80-3180-2000-on","title":{"rendered":"KIT OVERHAUL C\u00c2MBIO AUTOM\u00c1TICO 6R80 &#8211; 3180 2000 ON"},"content":{"rendered":"<h2 class=\"ui-pdp-description__title\" data-testid=\"title\">Descri\u00e7\u00e3o<\/h2>\n<p class=\"ui-pdp-description__content\" data-testid=\"content\">Carros compat\u00edveis com a transmiss\u00e3o 6R80 no Brasil<\/p>\n<p>Ford<br \/>\n1. Ford Ranger<br \/>\n\u2022 Modelos equipados com motor 3.2 Duratorq Diesel (2012 em diante).<br \/>\n\u2022 Modelos com motor 2.2 Duratorq Diesel autom\u00e1ticos (2012 em diante).<br \/>\n2. Ford Everest<br \/>\n\u2022 SUV baseado na Ranger, importado em algumas ocasi\u00f5es (mercado internacional, mas ocasionalmente visto no Brasil).<br \/>\n3. Ford F-150<br \/>\n\u2022 Importada por propriet\u00e1rios particulares, em vers\u00f5es com motor V8 e transmiss\u00e3o 6R80.<br \/>\n4. Ford Mustang<br \/>\n\u2022 Modelos equipados com motor V8 de 5.0 litros, especialmente os de sexta gera\u00e7\u00e3o (2011-2017).<\/p>\n","protected":false},"excerpt":{"rendered":"<p>Descri\u00e7\u00e3o Carros compat\u00edveis com a transmiss\u00e3o 6R80 no Brasil Ford 1. Ford Ranger \u2022 Modelos equipados com motor 3.2 Duratorq Diesel (2012 em diante). \u2022 Modelos<span class=\"excerpt-hellip\"> [\u2026]<\/span><\/p>\n","protected":false},"featured_media":1193,"comment_status":"open","ping_status":"closed","template":"","meta":{"_joinchat":[]},"product_brand":[],"product_cat":[143],"product_tag":[],"class_list":{"0":"post-1192","1":"product","2":"type-product","3":"status-publish","4":"has-post-thumbnail","6":"product_cat-kit-overhaul","8":"first","9":"instock","10":"taxable","11":"shipping-taxable","12":"purchasable","13":"product-type-simple"},"_links":{"self":[{"href":"https:\/\/lojaodocambioautomatico.com.br\/index.php?rest_route=\/wp\/v2\/product\/1192","targetHints":{"allow":["GET"]}}],"collection":[{"href":"https:\/\/lojaodocambioautomatico.com.br\/index.php?rest_route=\/wp\/v2\/product"}],"about":[{"href":"https:\/\/lojaodocambioautomatico.com.br\/index.php?rest_route=\/wp\/v2\/types\/product"}],"replies":[{"embeddable":true,"href":"https:\/\/lojaodocambioautomatico.com.br\/index.php?rest_route=%2Fwp%2Fv2%2Fcomments&post=1192"}],"version-history":[{"count":2,"href":"https:\/\/lojaodocambioautomatico.com.br\/index.php?rest_route=\/wp\/v2\/product\/1192\/revisions"}],"predecessor-version":[{"id":1195,"href":"https:\/\/lojaodocambioautomatico.com.br\/index.php?rest_route=\/wp\/v2\/product\/1192\/revisions\/1195"}],"wp:featuredmedia":[{"embeddable":true,"href":"https:\/\/lojaodocambioautomatico.com.br\/index.php?rest_route=\/wp\/v2\/media\/1193"}],"wp:attachment":[{"href":"https:\/\/lojaodocambioautomatico.com.br\/index.php?rest_route=%2Fwp%2Fv2%2Fmedia&parent=1192"}],"wp:term":[{"taxonomy":"product_brand","embeddable":true,"href":"https:\/\/lojaodocambioautomatico.com.br\/index.php?rest_route=%2Fwp%2Fv2%2Fproduct_brand&post=1192"},{"taxonomy":"product_cat","embeddable":true,"href":"https:\/\/lojaodocambioautomatico.com.br\/index.php?rest_route=%2Fwp%2Fv2%2Fproduct_cat&post=1192"},{"taxonomy":"product_tag","embeddable":true,"href":"https:\/\/lojaodocambioautomatico.com.br\/index.php?rest_route=%2Fwp%2Fv2%2Fproduct_tag&post=1192"}],"curies":[{"name":"wp","href":"https:\/\/api.w.org\/{rel}","templated":true}]}}