{"id":1213,"date":"2025-08-04T11:47:40","date_gmt":"2025-08-04T14:47:40","guid":{"rendered":"https:\/\/lojaodocambioautomatico.com.br\/?post_type=product&#038;p=1213"},"modified":"2025-08-04T11:48:09","modified_gmt":"2025-08-04T14:48:09","slug":"kit-overhaul-u140e-240e-toyota-lexus-rx-300-camry-rav4","status":"publish","type":"product","link":"https:\/\/lojaodocambioautomatico.com.br\/?product=kit-overhaul-u140e-240e-toyota-lexus-rx-300-camry-rav4","title":{"rendered":"KIT OVERHAUL U140E 240E TOYOTA LEXUS RX 300 CAMRY RAV4"},"content":{"rendered":"<h2 class=\"ui-pdp-description__title\" data-testid=\"title\">Descri\u00e7\u00e3o<\/h2>\n<p class=\"ui-pdp-description__content\" data-testid=\"content\">&gt; JOGO DE JUNTA C\u00c2MBIO AUTOM\u00c1TICO U140E U240E U241E<\/p>\n<p>&#8211; Lacrado na caixa<br \/>\n&#8211; Fotos reais do produto<br \/>\n&#8211; Garantia de 3 Meses e Nota Fiscal<br \/>\n&#8211; Produto Importado<br \/>\n&#8211; A pronta entrega ou retirada com vendedor em SP.<\/p>\n<p>&gt; CONTE\u00daDO:<br \/>\n&#8211; 1 Jogo de Juntas<br \/>\n&#8211; 1 Kit de Veda\u00e7\u00f5es<br \/>\n&#8211; 1 Jogo de Retentores<\/p>\n<p>&gt; APLICA\u00c7\u00c3O:<br \/>\n&#8211; Lexus RX300 3.0 V6 C\u00e2mbio Autom\u00e1tico &#8211; 4 Marchas (1999 &#8211; 2002)<br \/>\n&#8211; Toyota Camry 3.0 V6 C\u00e2mbio Autom\u00e1tico &#8211; 4 Marchas (2002 &#8211; 2003)<br \/>\n&#8211; Toyota Corolla 2.0 C\u00e2mbio Autom\u00e1tico &#8211; 4 Marchas (2011 &#8211; 2014)<\/p>\n","protected":false},"excerpt":{"rendered":"<p>Descri\u00e7\u00e3o &gt; JOGO DE JUNTA C\u00c2MBIO AUTOM\u00c1TICO U140E U240E U241E &#8211; Lacrado na caixa &#8211; Fotos reais do produto &#8211; Garantia de 3 Meses e Nota<span class=\"excerpt-hellip\"> [\u2026]<\/span><\/p>\n","protected":false},"featured_media":1214,"comment_status":"open","ping_status":"closed","template":"","meta":{"_joinchat":[]},"product_brand":[],"product_cat":[143],"product_tag":[],"class_list":{"0":"post-1213","1":"product","2":"type-product","3":"status-publish","4":"has-post-thumbnail","6":"product_cat-kit-overhaul","8":"first","9":"instock","10":"taxable","11":"shipping-taxable","12":"purchasable","13":"product-type-simple"},"_links":{"self":[{"href":"https:\/\/lojaodocambioautomatico.com.br\/index.php?rest_route=\/wp\/v2\/product\/1213","targetHints":{"allow":["GET"]}}],"collection":[{"href":"https:\/\/lojaodocambioautomatico.com.br\/index.php?rest_route=\/wp\/v2\/product"}],"about":[{"href":"https:\/\/lojaodocambioautomatico.com.br\/index.php?rest_route=\/wp\/v2\/types\/product"}],"replies":[{"embeddable":true,"href":"https:\/\/lojaodocambioautomatico.com.br\/index.php?rest_route=%2Fwp%2Fv2%2Fcomments&post=1213"}],"version-history":[{"count":2,"href":"https:\/\/lojaodocambioautomatico.com.br\/index.php?rest_route=\/wp\/v2\/product\/1213\/revisions"}],"predecessor-version":[{"id":1217,"href":"https:\/\/lojaodocambioautomatico.com.br\/index.php?rest_route=\/wp\/v2\/product\/1213\/revisions\/1217"}],"wp:featuredmedia":[{"embeddable":true,"href":"https:\/\/lojaodocambioautomatico.com.br\/index.php?rest_route=\/wp\/v2\/media\/1214"}],"wp:attachment":[{"href":"https:\/\/lojaodocambioautomatico.com.br\/index.php?rest_route=%2Fwp%2Fv2%2Fmedia&parent=1213"}],"wp:term":[{"taxonomy":"product_brand","embeddable":true,"href":"https:\/\/lojaodocambioautomatico.com.br\/index.php?rest_route=%2Fwp%2Fv2%2Fproduct_brand&post=1213"},{"taxonomy":"product_cat","embeddable":true,"href":"https:\/\/lojaodocambioautomatico.com.br\/index.php?rest_route=%2Fwp%2Fv2%2Fproduct_cat&post=1213"},{"taxonomy":"product_tag","embeddable":true,"href":"https:\/\/lojaodocambioautomatico.com.br\/index.php?rest_route=%2Fwp%2Fv2%2Fproduct_tag&post=1213"}],"curies":[{"name":"wp","href":"https:\/\/api.w.org\/{rel}","templated":true}]}}