{"id":1283,"date":"2025-08-06T17:43:41","date_gmt":"2025-08-06T20:43:41","guid":{"rendered":"https:\/\/lojaodocambioautomatico.com.br\/?post_type=product&#038;p=1283"},"modified":"2025-08-07T10:42:11","modified_gmt":"2025-08-07T13:42:11","slug":"chicote-solenoide-cambio-al4-renault-peugeot-citroen","status":"publish","type":"product","link":"https:\/\/lojaodocambioautomatico.com.br\/?product=chicote-solenoide-cambio-al4-renault-peugeot-citroen","title":{"rendered":"CHICOTE SOLENO\u00cdDE C\u00c2MBIO AL4 RENAULT PEUGEOT CITROEN"},"content":{"rendered":"<h2 class=\"ui-pdp-description__title\" data-testid=\"title\">Descri\u00e7\u00e3o<\/h2>\n<p class=\"ui-pdp-description__content\" data-testid=\"content\">Chicote Solenoide Cambio Al4<\/p>\n<p>PE\u00c7A ORIGINAL PSA<\/p>\n<p>Compat\u00edvel com:<br \/>\nPEUGEOT:<br \/>\nPEUGEOT 307 2.0 16V \/ 307 1.6 16V 2001 AT\u00c9 2011<br \/>\nPEUGEOT 206 1.6 16V 2003 AT\u00c9 2011<br \/>\nPEUGEOT 207 1.6 16V 2005 AT\u00c9 2013<br \/>\nPEUGEOT 407 2.0 16V 2005 AT\u00c9 2013<br \/>\nPEUGEOT 408 2.0 16V 2005 AT\u00c9 2013<\/p>\n<p>CITROEN:<br \/>\nCITROEN C4 2.0 16V PALLAS E C4 1.6 16V HATCH 2007 AT\u00c9 2014<br \/>\nCITROEN C5 2.0 16V 2005 AT\u00c9 2013<br \/>\nCITROEN C3 1.4 8V \/ 1.6 16V 2002 AT\u00c9 2011<\/p>\n<p>PICASSO 2.0 16V 2001 AT\u00c9 2011<\/p>\n<p>Dimens\u00f5es: 54.5X72X10.5<\/p>\n<p>PE\u00c7A NOVA.<\/p>\n","protected":false},"excerpt":{"rendered":"<p>Descri\u00e7\u00e3o Chicote Solenoide Cambio Al4 PE\u00c7A ORIGINAL PSA Compat\u00edvel com: PEUGEOT: PEUGEOT 307 2.0 16V \/ 307 1.6 16V 2001 AT\u00c9 2011 PEUGEOT 206 1.6 16V<span class=\"excerpt-hellip\"> [\u2026]<\/span><\/p>\n","protected":false},"featured_media":1284,"comment_status":"open","ping_status":"closed","template":"","meta":{"_joinchat":[]},"product_brand":[],"product_cat":[153],"product_tag":[],"class_list":{"0":"post-1283","1":"product","2":"type-product","3":"status-publish","4":"has-post-thumbnail","6":"product_cat-chicote-das-eletrovalvulas","8":"first","9":"instock","10":"taxable","11":"shipping-taxable","12":"purchasable","13":"product-type-simple"},"_links":{"self":[{"href":"https:\/\/lojaodocambioautomatico.com.br\/index.php?rest_route=\/wp\/v2\/product\/1283","targetHints":{"allow":["GET"]}}],"collection":[{"href":"https:\/\/lojaodocambioautomatico.com.br\/index.php?rest_route=\/wp\/v2\/product"}],"about":[{"href":"https:\/\/lojaodocambioautomatico.com.br\/index.php?rest_route=\/wp\/v2\/types\/product"}],"replies":[{"embeddable":true,"href":"https:\/\/lojaodocambioautomatico.com.br\/index.php?rest_route=%2Fwp%2Fv2%2Fcomments&post=1283"}],"version-history":[{"count":2,"href":"https:\/\/lojaodocambioautomatico.com.br\/index.php?rest_route=\/wp\/v2\/product\/1283\/revisions"}],"predecessor-version":[{"id":1290,"href":"https:\/\/lojaodocambioautomatico.com.br\/index.php?rest_route=\/wp\/v2\/product\/1283\/revisions\/1290"}],"wp:featuredmedia":[{"embeddable":true,"href":"https:\/\/lojaodocambioautomatico.com.br\/index.php?rest_route=\/wp\/v2\/media\/1284"}],"wp:attachment":[{"href":"https:\/\/lojaodocambioautomatico.com.br\/index.php?rest_route=%2Fwp%2Fv2%2Fmedia&parent=1283"}],"wp:term":[{"taxonomy":"product_brand","embeddable":true,"href":"https:\/\/lojaodocambioautomatico.com.br\/index.php?rest_route=%2Fwp%2Fv2%2Fproduct_brand&post=1283"},{"taxonomy":"product_cat","embeddable":true,"href":"https:\/\/lojaodocambioautomatico.com.br\/index.php?rest_route=%2Fwp%2Fv2%2Fproduct_cat&post=1283"},{"taxonomy":"product_tag","embeddable":true,"href":"https:\/\/lojaodocambioautomatico.com.br\/index.php?rest_route=%2Fwp%2Fv2%2Fproduct_tag&post=1283"}],"curies":[{"name":"wp","href":"https:\/\/api.w.org\/{rel}","templated":true}]}}