{"id":1346,"date":"2025-09-03T09:15:05","date_gmt":"2025-09-03T12:15:05","guid":{"rendered":"https:\/\/lojaodocambioautomatico.com.br\/?post_type=product&#038;p=1346"},"modified":"2026-04-17T17:41:06","modified_gmt":"2026-04-17T20:41:06","slug":"embreagem-s-atuador-e-rolamento-powershift-dps6-6dct250","status":"publish","type":"product","link":"https:\/\/lojaodocambioautomatico.com.br\/?product=embreagem-s-atuador-e-rolamento-powershift-dps6-6dct250","title":{"rendered":"EMBREAGEM S\/ATUADOR E ROLAMENTO POWERSHIFT DPS6 6DCT250"},"content":{"rendered":"<h2 class=\"ui-pdp-description__title\" data-testid=\"title\">Descri\u00e7\u00e3o<\/h2>\n<p class=\"ui-pdp-description__content\" data-testid=\"content\">Compat\u00edvel com:<br \/>\n# EcoSport<br \/>\nEcoSport 4WD 2.0\/ 2.0 Flex 16V 5p 2012 Gasolina<br \/>\nEcoSport XL 1.6\/ 1.6 Flex 8V 5p 2012 Gasolina<br \/>\nEcoSport XLS 1.6\/ 1.6 Flex 8V 5p 2012 Gasolina<br \/>\nEcoSport XLT 1.6\/ 1.6 Flex 8V 5p 2012 Gasolina<br \/>\nEcoSport XLT 2.0\/ 2.0 Flex 16V 5p Mec. 2012 Gasolina<br \/>\nEcoSport XLS 2.0\/2.0 Flex 16V 5p Aut. 2012 Gasolina<br \/>\nEcoSport XLT 2.0\/ 2.0 Flex 16V 5p Aut. 2012 Gasolina<br \/>\nEcoSport XLT FREESTYLE 1.6 Flex 8V 5p 2012 Gasolina<br \/>\nEcoSport XLT FREESTYLE 2.0 Flex 16V 5p 2012 Gasolina<br \/>\nEcoSport FREESTYLE 1.6 16V Flex 5p 2012 a 2017 Gasolina<br \/>\nEcoSport FREESTYLE 2.0 16V Flex 5p 2013, 2014 Gasolina<br \/>\nEcoSport S 1.6 16V Flex 5p 2013, 2014, 2015 Gasolina<br \/>\nEcoSport SE 1.6 16V Flex 5p Mec. 2013 a 2017 Gasolina<br \/>\nEcoSport TITANIUM 1.6 16V Flex 5p 2013, 2014, 2015 Gasolina<br \/>\nEcoSport TITANIUM 2.0 16V Flex 5p 2013, 2014, 2015 Gasolina<br \/>\nEcoSport SE 2.0 16V Flex 5p Aut. 2013 a 2017 Gasolina<br \/>\nEcoSport TITANIUM 2.0 16V Flex 5p Aut. 2013 a 2017 Gasolina<br \/>\nEcoSport FREESTYLE 2.0 16V 4WD Flex 5p 2013 a 2017 Gasolina<br \/>\nEcoSport FREESTYLE 2.0 16V Flex 5p Aut. 2015, 2016 Gasolina<br \/>\nEcoSport FREESTYLE 1.6 16V Flex 5p Aut. 2016, 2017 Gasolina<br \/>\nEcoSport SE 1.6 16V Flex 5p Aut. 2016, 2017 Gasolina<br \/>\nEcoSport SE Direct 1.6 16V Flex 5p Aut. 2017 Gasolina<\/p>\n<p># Focus<br \/>\nFocus 1.6 S\/SE\/SE Plus Flex 8V\/16V 5p 2013 a 2019 Gasolina<br \/>\nFocus 2.0 16V\/ 2.0 16V Flex 5p 2013 Gasolina<br \/>\nFocus 2.0 16V\/SE\/SE Plus Flex 5p Aut. 2013 a 2019 Gasolina<br \/>\nFocus Sedan 1.6\/1.6 Flex 8V\/16V 4p Mec. 2013, 2014 Gasolina<br \/>\nFocus Sedan 2.0 16V\/2.0 16V Flex 4p 2013 Gasolina<br \/>\nFocus Sedan 2.0 16V\/2.0 16V Flex 4p Aut. 2013 a 2016 Gasolina<br \/>\nFocus Sed. TI.\/TI.Plus 2.0 16V Flex Aut 2013, 2014, 2015 Gasolina<br \/>\nFocus TITA\/TITA Plus 2.0 Flex 5p Aut. 2013 a 2019 Gasolina<br \/>\nFocus TITANIUM 2.0 16V Flex 5p Mec. 2013 Gasolina<br \/>\nFocus 1.6 S\/1.6 SE Flex 16v 5p Aut 2014, 2015, 2016 Gasolina<br \/>\nFocus Fastback SE\/SE PLUS 2.0 Flex Aut. 2016 a 2019 Gasolina<br \/>\nFocus Fastback TIT.\/T.PLUS 2.0 Flex Aut. 2016 a 2019 Gasolina<br \/>\nFocus Sedan 1.6 16V Flex 4p Aut. 2014 Gasolina<\/p>\n","protected":false},"excerpt":{"rendered":"<p>Descri\u00e7\u00e3o Compat\u00edvel com: # EcoSport EcoSport 4WD 2.0\/ 2.0 Flex 16V 5p 2012 Gasolina EcoSport XL 1.6\/ 1.6 Flex 8V 5p 2012 Gasolina EcoSport XLS 1.6\/<span class=\"excerpt-hellip\"> [\u2026]<\/span><\/p>\n","protected":false},"featured_media":1347,"comment_status":"open","ping_status":"closed","template":"","meta":{"_joinchat":[]},"product_brand":[],"product_cat":[126],"product_tag":[],"class_list":{"0":"post-1346","1":"product","2":"type-product","3":"status-publish","4":"has-post-thumbnail","6":"product_cat-embreagem","8":"first","9":"instock","10":"taxable","11":"shipping-taxable","12":"purchasable","13":"product-type-simple"},"_links":{"self":[{"href":"https:\/\/lojaodocambioautomatico.com.br\/index.php?rest_route=\/wp\/v2\/product\/1346","targetHints":{"allow":["GET"]}}],"collection":[{"href":"https:\/\/lojaodocambioautomatico.com.br\/index.php?rest_route=\/wp\/v2\/product"}],"about":[{"href":"https:\/\/lojaodocambioautomatico.com.br\/index.php?rest_route=\/wp\/v2\/types\/product"}],"replies":[{"embeddable":true,"href":"https:\/\/lojaodocambioautomatico.com.br\/index.php?rest_route=%2Fwp%2Fv2%2Fcomments&post=1346"}],"version-history":[{"count":2,"href":"https:\/\/lojaodocambioautomatico.com.br\/index.php?rest_route=\/wp\/v2\/product\/1346\/revisions"}],"predecessor-version":[{"id":1464,"href":"https:\/\/lojaodocambioautomatico.com.br\/index.php?rest_route=\/wp\/v2\/product\/1346\/revisions\/1464"}],"wp:featuredmedia":[{"embeddable":true,"href":"https:\/\/lojaodocambioautomatico.com.br\/index.php?rest_route=\/wp\/v2\/media\/1347"}],"wp:attachment":[{"href":"https:\/\/lojaodocambioautomatico.com.br\/index.php?rest_route=%2Fwp%2Fv2%2Fmedia&parent=1346"}],"wp:term":[{"taxonomy":"product_brand","embeddable":true,"href":"https:\/\/lojaodocambioautomatico.com.br\/index.php?rest_route=%2Fwp%2Fv2%2Fproduct_brand&post=1346"},{"taxonomy":"product_cat","embeddable":true,"href":"https:\/\/lojaodocambioautomatico.com.br\/index.php?rest_route=%2Fwp%2Fv2%2Fproduct_cat&post=1346"},{"taxonomy":"product_tag","embeddable":true,"href":"https:\/\/lojaodocambioautomatico.com.br\/index.php?rest_route=%2Fwp%2Fv2%2Fproduct_tag&post=1346"}],"curies":[{"name":"wp","href":"https:\/\/api.w.org\/{rel}","templated":true}]}}