{"id":1404,"date":"2025-09-04T08:53:46","date_gmt":"2025-09-04T11:53:46","guid":{"rendered":"https:\/\/lojaodocambioautomatico.com.br\/?post_type=product&#038;p=1404"},"modified":"2025-09-04T08:53:46","modified_gmt":"2025-09-04T11:53:46","slug":"junta-da-tampa-traseira-al4","status":"publish","type":"product","link":"https:\/\/lojaodocambioautomatico.com.br\/?product=junta-da-tampa-traseira-al4","title":{"rendered":"JUNTA DA TAMPA TRASEIRA AL4"},"content":{"rendered":"<h2 class=\"ui-pdp-description__title\" data-testid=\"title\">Descri\u00e7\u00e3o<\/p>\n<p>Junta Vermelha da Tampa Traseira do C\u00e2mbio Autom\u00e1tico AL4<\/p>\n<p>Junta Metalizada, Emborrachada e Lubrificada.<\/p>\n<p>Renault Laguna, Megane, Sandero e Scenic<br \/>\nCitroen Aircross, C4, Pallas, Xsara, Picasso, C5, DS4, C3, C8, Jumpy, Evasion e DS3<br \/>\nPeugeot 208 2016 a 2019, 2008, 407, 406, 807, 806, 408, 207, 206, 208, 405, 308, HOGGAR, 307 e 306<\/h2>\n","protected":false},"excerpt":{"rendered":"<p>Descri\u00e7\u00e3o Junta Vermelha da Tampa Traseira do C\u00e2mbio Autom\u00e1tico AL4 Junta Metalizada, Emborrachada e Lubrificada. Renault Laguna, Megane, Sandero e Scenic Citroen Aircross, C4, Pallas, Xsara,<span class=\"excerpt-hellip\"> [\u2026]<\/span><\/p>\n","protected":false},"featured_media":1405,"comment_status":"open","ping_status":"closed","template":"","meta":{"_joinchat":[]},"product_brand":[],"product_cat":[127],"product_tag":[],"class_list":{"0":"post-1404","1":"product","2":"type-product","3":"status-publish","4":"has-post-thumbnail","6":"product_cat-vedacoes","8":"first","9":"instock","10":"taxable","11":"shipping-taxable","12":"purchasable","13":"product-type-simple"},"_links":{"self":[{"href":"https:\/\/lojaodocambioautomatico.com.br\/index.php?rest_route=\/wp\/v2\/product\/1404","targetHints":{"allow":["GET"]}}],"collection":[{"href":"https:\/\/lojaodocambioautomatico.com.br\/index.php?rest_route=\/wp\/v2\/product"}],"about":[{"href":"https:\/\/lojaodocambioautomatico.com.br\/index.php?rest_route=\/wp\/v2\/types\/product"}],"replies":[{"embeddable":true,"href":"https:\/\/lojaodocambioautomatico.com.br\/index.php?rest_route=%2Fwp%2Fv2%2Fcomments&post=1404"}],"version-history":[{"count":1,"href":"https:\/\/lojaodocambioautomatico.com.br\/index.php?rest_route=\/wp\/v2\/product\/1404\/revisions"}],"predecessor-version":[{"id":1406,"href":"https:\/\/lojaodocambioautomatico.com.br\/index.php?rest_route=\/wp\/v2\/product\/1404\/revisions\/1406"}],"wp:featuredmedia":[{"embeddable":true,"href":"https:\/\/lojaodocambioautomatico.com.br\/index.php?rest_route=\/wp\/v2\/media\/1405"}],"wp:attachment":[{"href":"https:\/\/lojaodocambioautomatico.com.br\/index.php?rest_route=%2Fwp%2Fv2%2Fmedia&parent=1404"}],"wp:term":[{"taxonomy":"product_brand","embeddable":true,"href":"https:\/\/lojaodocambioautomatico.com.br\/index.php?rest_route=%2Fwp%2Fv2%2Fproduct_brand&post=1404"},{"taxonomy":"product_cat","embeddable":true,"href":"https:\/\/lojaodocambioautomatico.com.br\/index.php?rest_route=%2Fwp%2Fv2%2Fproduct_cat&post=1404"},{"taxonomy":"product_tag","embeddable":true,"href":"https:\/\/lojaodocambioautomatico.com.br\/index.php?rest_route=%2Fwp%2Fv2%2Fproduct_tag&post=1404"}],"curies":[{"name":"wp","href":"https:\/\/api.w.org\/{rel}","templated":true}]}}