{"id":1425,"date":"2025-10-01T15:55:45","date_gmt":"2025-10-01T18:55:45","guid":{"rendered":"https:\/\/lojaodocambioautomatico.com.br\/?post_type=product&#038;p=1425"},"modified":"2025-10-03T14:33:50","modified_gmt":"2025-10-03T17:33:50","slug":"filtro-a6lf1-a6lf2-a6lf3","status":"publish","type":"product","link":"https:\/\/lojaodocambioautomatico.com.br\/?product=filtro-a6lf1-a6lf2-a6lf3","title":{"rendered":"FILTRO A6LF1 A6LF2 A6LF3"},"content":{"rendered":"<h2 class=\"ui-pdp-description__title\" data-testid=\"title\">Descri\u00e7\u00e3o<\/h2>\n<p class=\"ui-pdp-description__content\" data-testid=\"content\">\/\/ CONTE\u00daDO:<br \/>\n1x Filtro de \u00d3leo do C\u00e2mbio Autom\u00e1tico (WFC-943 Wega)<\/p>\n<p>\/\/ ESPECIFICA\u00c7\u00d5ES T\u00c9CNICAS:<br \/>\nConte\u00fado: Unit\u00e1rio<br \/>\nC\u00e2mbio: A6LF2, A6LF1, A6LF3<br \/>\nComprimento: 193 mm<br \/>\nObserva\u00e7\u00e3o: Filtro Interno Ao C\u00e2mbio Substitu\u00eddo Somente Quando Danifica O C\u00e2mbio \/ C\u00e2mbio C\u00f3digo: A6lf1 \/ A6lf2 \/ A6lf3<br \/>\nLargura: 154,5 mm<br \/>\nAltura: 54 mm<\/p>\n","protected":false},"excerpt":{"rendered":"<p>Descri\u00e7\u00e3o \/\/ CONTE\u00daDO: 1x Filtro de \u00d3leo do C\u00e2mbio Autom\u00e1tico (WFC-943 Wega) \/\/ ESPECIFICA\u00c7\u00d5ES T\u00c9CNICAS: Conte\u00fado: Unit\u00e1rio C\u00e2mbio: A6LF2, A6LF1, A6LF3 Comprimento: 193 mm Observa\u00e7\u00e3o: Filtro<span class=\"excerpt-hellip\"> [\u2026]<\/span><\/p>\n","protected":false},"featured_media":1426,"comment_status":"open","ping_status":"closed","template":"","meta":{"_joinchat":[]},"product_brand":[],"product_cat":[130],"product_tag":[],"class_list":{"0":"post-1425","1":"product","2":"type-product","3":"status-publish","4":"has-post-thumbnail","6":"product_cat-filtros","8":"first","9":"outofstock","10":"taxable","11":"shipping-taxable","12":"purchasable","13":"product-type-simple"},"_links":{"self":[{"href":"https:\/\/lojaodocambioautomatico.com.br\/index.php?rest_route=\/wp\/v2\/product\/1425","targetHints":{"allow":["GET"]}}],"collection":[{"href":"https:\/\/lojaodocambioautomatico.com.br\/index.php?rest_route=\/wp\/v2\/product"}],"about":[{"href":"https:\/\/lojaodocambioautomatico.com.br\/index.php?rest_route=\/wp\/v2\/types\/product"}],"replies":[{"embeddable":true,"href":"https:\/\/lojaodocambioautomatico.com.br\/index.php?rest_route=%2Fwp%2Fv2%2Fcomments&post=1425"}],"version-history":[{"count":2,"href":"https:\/\/lojaodocambioautomatico.com.br\/index.php?rest_route=\/wp\/v2\/product\/1425\/revisions"}],"predecessor-version":[{"id":1428,"href":"https:\/\/lojaodocambioautomatico.com.br\/index.php?rest_route=\/wp\/v2\/product\/1425\/revisions\/1428"}],"wp:featuredmedia":[{"embeddable":true,"href":"https:\/\/lojaodocambioautomatico.com.br\/index.php?rest_route=\/wp\/v2\/media\/1426"}],"wp:attachment":[{"href":"https:\/\/lojaodocambioautomatico.com.br\/index.php?rest_route=%2Fwp%2Fv2%2Fmedia&parent=1425"}],"wp:term":[{"taxonomy":"product_brand","embeddable":true,"href":"https:\/\/lojaodocambioautomatico.com.br\/index.php?rest_route=%2Fwp%2Fv2%2Fproduct_brand&post=1425"},{"taxonomy":"product_cat","embeddable":true,"href":"https:\/\/lojaodocambioautomatico.com.br\/index.php?rest_route=%2Fwp%2Fv2%2Fproduct_cat&post=1425"},{"taxonomy":"product_tag","embeddable":true,"href":"https:\/\/lojaodocambioautomatico.com.br\/index.php?rest_route=%2Fwp%2Fv2%2Fproduct_tag&post=1425"}],"curies":[{"name":"wp","href":"https:\/\/api.w.org\/{rel}","templated":true}]}}