{"id":1434,"date":"2025-10-14T10:33:50","date_gmt":"2025-10-14T13:33:50","guid":{"rendered":"https:\/\/lojaodocambioautomatico.com.br\/?post_type=product&#038;p=1434"},"modified":"2025-10-14T10:33:50","modified_gmt":"2025-10-14T13:33:50","slug":"placa-eletronica-mecatronica-ford-ranger-6r80","status":"publish","type":"product","link":"https:\/\/lojaodocambioautomatico.com.br\/?product=placa-eletronica-mecatronica-ford-ranger-6r80","title":{"rendered":"PLACA ELETR\u00d4NICA MECATR\u00d4NICA FORD RANGER 6R80"},"content":{"rendered":"<h2 class=\"ui-pdp-description__title\" data-testid=\"title\">Descri\u00e7\u00e3o<\/h2>\n<p class=\"ui-pdp-description__content\" data-testid=\"content\">1 Placa eletr\u00f4nica com chave seletora sensor de entrada e saida integrados a pe\u00e7a.<\/p>\n<p>Foto real da pe\u00e7a.<\/p>\n<p>Aplica\u00e7\u00e3o: Todos com c\u00e2mbio 6r80<\/p>\n<p>Ranger 2013 a 2022<\/p>\n","protected":false},"excerpt":{"rendered":"<p>Descri\u00e7\u00e3o 1 Placa eletr\u00f4nica com chave seletora sensor de entrada e saida integrados a pe\u00e7a. Foto real da pe\u00e7a. Aplica\u00e7\u00e3o: Todos com c\u00e2mbio 6r80 Ranger 2013<span class=\"excerpt-hellip\"> [\u2026]<\/span><\/p>\n","protected":false},"featured_media":1435,"comment_status":"open","ping_status":"closed","template":"","meta":{"_joinchat":[]},"product_brand":[],"product_cat":[133],"product_tag":[],"class_list":{"0":"post-1434","1":"product","2":"type-product","3":"status-publish","4":"has-post-thumbnail","6":"product_cat-mecatronica","8":"first","9":"outofstock","10":"taxable","11":"shipping-taxable","12":"purchasable","13":"product-type-simple"},"_links":{"self":[{"href":"https:\/\/lojaodocambioautomatico.com.br\/index.php?rest_route=\/wp\/v2\/product\/1434","targetHints":{"allow":["GET"]}}],"collection":[{"href":"https:\/\/lojaodocambioautomatico.com.br\/index.php?rest_route=\/wp\/v2\/product"}],"about":[{"href":"https:\/\/lojaodocambioautomatico.com.br\/index.php?rest_route=\/wp\/v2\/types\/product"}],"replies":[{"embeddable":true,"href":"https:\/\/lojaodocambioautomatico.com.br\/index.php?rest_route=%2Fwp%2Fv2%2Fcomments&post=1434"}],"version-history":[{"count":2,"href":"https:\/\/lojaodocambioautomatico.com.br\/index.php?rest_route=\/wp\/v2\/product\/1434\/revisions"}],"predecessor-version":[{"id":1437,"href":"https:\/\/lojaodocambioautomatico.com.br\/index.php?rest_route=\/wp\/v2\/product\/1434\/revisions\/1437"}],"wp:featuredmedia":[{"embeddable":true,"href":"https:\/\/lojaodocambioautomatico.com.br\/index.php?rest_route=\/wp\/v2\/media\/1435"}],"wp:attachment":[{"href":"https:\/\/lojaodocambioautomatico.com.br\/index.php?rest_route=%2Fwp%2Fv2%2Fmedia&parent=1434"}],"wp:term":[{"taxonomy":"product_brand","embeddable":true,"href":"https:\/\/lojaodocambioautomatico.com.br\/index.php?rest_route=%2Fwp%2Fv2%2Fproduct_brand&post=1434"},{"taxonomy":"product_cat","embeddable":true,"href":"https:\/\/lojaodocambioautomatico.com.br\/index.php?rest_route=%2Fwp%2Fv2%2Fproduct_cat&post=1434"},{"taxonomy":"product_tag","embeddable":true,"href":"https:\/\/lojaodocambioautomatico.com.br\/index.php?rest_route=%2Fwp%2Fv2%2Fproduct_tag&post=1434"}],"curies":[{"name":"wp","href":"https:\/\/api.w.org\/{rel}","templated":true}]}}