{"id":1440,"date":"2025-10-25T09:01:31","date_gmt":"2025-10-25T12:01:31","guid":{"rendered":"https:\/\/lojaodocambioautomatico.com.br\/?post_type=product&#038;p=1440"},"modified":"2025-10-25T09:01:31","modified_gmt":"2025-10-25T12:01:31","slug":"dupla-embreagem-luk-golf","status":"publish","type":"product","link":"https:\/\/lojaodocambioautomatico.com.br\/?product=dupla-embreagem-luk-golf","title":{"rendered":"DUPLA EMBREAGEM LUK GOLF"},"content":{"rendered":"<h2 class=\"ui-pdp-description__title\" data-testid=\"title\">Descri\u00e7\u00e3o<\/h2>\n<p class=\"ui-pdp-description__content\" data-testid=\"content\">\n<p>Aplica\u00e7\u00e3o<\/p>\n<p>APLICA\u00c7\u00c3O:<br \/>\nEMBREAGEM 2\u00b0 GERA\u00c7\u00c3O MK2<br \/>\nVOLKSWAGEN<br \/>\nGOLF COMFORTLINE 1.4 TSI 140CV AUT. 2014 at\u00e9 2015<br \/>\nGOLF HIGHLINE 1.4 TSI 140CV AUT. 2014 at\u00e9 2015<br \/>\nGOLF HIGHLINE 1.4 TSI TOTAL FLEX AUT. 2016 at\u00e9 2017<br \/>\nGOLF VARIANT COMFORT. 1.4 TSI T.FLEX AUT 2017<br \/>\nGOLF VARIANT COMFORTLINE 1.4 TSI AUT. 2015 at\u00e9 2016<br \/>\nGOLF VARIANT HIGHLI. 1.4 TSI T.FLEX AUT 2017<br \/>\nGOLF VARIANT HIGHLINE 1.4 TSI AUT. 2015 at\u00e9 2016<\/p>\n<p>Conte\u00fado Da Embalagem<\/p>\n<p>1 Plat\u00f4 228mm<br \/>\n1 Disco 228mm, 28 estrias<br \/>\n1 Rolamento<br \/>\n1 Forquilha<\/p>\n","protected":false},"excerpt":{"rendered":"<p>Descri\u00e7\u00e3o Aplica\u00e7\u00e3o APLICA\u00c7\u00c3O: EMBREAGEM 2\u00b0 GERA\u00c7\u00c3O MK2 VOLKSWAGEN GOLF COMFORTLINE 1.4 TSI 140CV AUT. 2014 at\u00e9 2015 GOLF HIGHLINE 1.4 TSI 140CV AUT. 2014 at\u00e9 2015<span class=\"excerpt-hellip\"> [\u2026]<\/span><\/p>\n","protected":false},"featured_media":1441,"comment_status":"open","ping_status":"closed","template":"","meta":{"_joinchat":[]},"product_brand":[],"product_cat":[126],"product_tag":[],"class_list":{"0":"post-1440","1":"product","2":"type-product","3":"status-publish","4":"has-post-thumbnail","6":"product_cat-embreagem","8":"first","9":"outofstock","10":"taxable","11":"shipping-taxable","12":"purchasable","13":"product-type-simple"},"_links":{"self":[{"href":"https:\/\/lojaodocambioautomatico.com.br\/index.php?rest_route=\/wp\/v2\/product\/1440","targetHints":{"allow":["GET"]}}],"collection":[{"href":"https:\/\/lojaodocambioautomatico.com.br\/index.php?rest_route=\/wp\/v2\/product"}],"about":[{"href":"https:\/\/lojaodocambioautomatico.com.br\/index.php?rest_route=\/wp\/v2\/types\/product"}],"replies":[{"embeddable":true,"href":"https:\/\/lojaodocambioautomatico.com.br\/index.php?rest_route=%2Fwp%2Fv2%2Fcomments&post=1440"}],"version-history":[{"count":2,"href":"https:\/\/lojaodocambioautomatico.com.br\/index.php?rest_route=\/wp\/v2\/product\/1440\/revisions"}],"predecessor-version":[{"id":1444,"href":"https:\/\/lojaodocambioautomatico.com.br\/index.php?rest_route=\/wp\/v2\/product\/1440\/revisions\/1444"}],"wp:featuredmedia":[{"embeddable":true,"href":"https:\/\/lojaodocambioautomatico.com.br\/index.php?rest_route=\/wp\/v2\/media\/1441"}],"wp:attachment":[{"href":"https:\/\/lojaodocambioautomatico.com.br\/index.php?rest_route=%2Fwp%2Fv2%2Fmedia&parent=1440"}],"wp:term":[{"taxonomy":"product_brand","embeddable":true,"href":"https:\/\/lojaodocambioautomatico.com.br\/index.php?rest_route=%2Fwp%2Fv2%2Fproduct_brand&post=1440"},{"taxonomy":"product_cat","embeddable":true,"href":"https:\/\/lojaodocambioautomatico.com.br\/index.php?rest_route=%2Fwp%2Fv2%2Fproduct_cat&post=1440"},{"taxonomy":"product_tag","embeddable":true,"href":"https:\/\/lojaodocambioautomatico.com.br\/index.php?rest_route=%2Fwp%2Fv2%2Fproduct_tag&post=1440"}],"curies":[{"name":"wp","href":"https:\/\/api.w.org\/{rel}","templated":true}]}}