{"id":1452,"date":"2025-12-10T13:21:37","date_gmt":"2025-12-10T16:21:37","guid":{"rendered":"https:\/\/lojaodocambioautomatico.com.br\/?post_type=product&#038;p=1452"},"modified":"2025-12-10T13:21:37","modified_gmt":"2025-12-10T16:21:37","slug":"conjunto-cvt-jf011","status":"publish","type":"product","link":"https:\/\/lojaodocambioautomatico.com.br\/?product=conjunto-cvt-jf011","title":{"rendered":"CONJUNTO CVT JF011"},"content":{"rendered":"<div class=\"Y3BBE\" data-sfc-cp=\"\" data-hveid=\"CAIQAA\" data-complete=\"true\" data-processed=\"true\">O conjunto da transmiss\u00e3o JF011 (tamb\u00e9m conhecido como JF011E ou RE0F10A)\u00a0<mark class=\"HxTRcb\" data-complete=\"true\" data-sae=\"\">\u00e9 um tipo de\u00a0<strong class=\"Yjhzub\" data-complete=\"true\">transmiss\u00e3o continuamente vari\u00e1vel (CVT)<\/strong>\u00a0fabricado pela empresa japonesa Jatco, amplamente utilizada em diversos ve\u00edculos da Nissan, Mitsubishi e Renault<\/mark>.<span class=\"uJ19be notranslate\" data-wiz-uids=\"NrQE7b_e,NrQE7b_f,NrQE7b_g\" data-complete=\"true\" data-processed=\"true\"><span class=\"vKEkVd\" data-animation-atomic=\"\" data-sae=\"\">\u00a0<button class=\"rBl3me\" data-amic=\"true\" data-icl-uuid=\"8cd7c0d8-3c31-4f8e-84f3-85f81ed6ab1d\" aria-label=\"Mostrar links relacionados\" data-wiz-attrbind=\"disabled=NrQE7b_e\/C5gNJc;class=NrQE7b_e\/UpSNec;\" data-ved=\"2ahUKEwjg7ZjFtrORAxVuI7kGHdNbIJMQye0OegQIAhAC\"><\/button><\/span><\/span><\/div>\n<div class=\"Fsg96\" data-sfc-cp=\"\" data-processed=\"true\" data-complete=\"true\"><\/div>\n<div class=\"otQkpb\" role=\"heading\" data-animation-nesting=\"\" data-sfc-cp=\"\" data-processed=\"true\" data-sae=\"\" data-complete=\"true\">Descri\u00e7\u00e3o e Funcionamento<button class=\"rBl3me\" data-amic=\"true\" data-icl-uuid=\"ab4260ac-9322-414d-9829-a251d1b63f4b\" aria-label=\"Mostrar links relacionados\" data-wiz-attrbind=\"disabled=NrQE7b_l\/C5gNJc;class=NrQE7b_l\/UpSNec;\" data-ved=\"2ahUKEwjg7ZjFtrORAxVuI7kGHdNbIJMQye0OegQIAxAA\"><\/button><\/div>\n<div class=\"Y3BBE\" data-sfc-cp=\"\" data-hveid=\"CAQQAA\" data-processed=\"true\" data-complete=\"true\">O principal diferencial do c\u00e2mbio CVT \u00e9 a aus\u00eancia de marchas fixas. Em vez disso, ele utiliza um sistema engenhoso para fornecer uma gama &#8220;infinita&#8221; de rela\u00e7\u00f5es de transmiss\u00e3o, ajustando-se continuamente para a condi\u00e7\u00e3o de dire\u00e7\u00e3o ideal, o que resulta em maior efici\u00eancia de combust\u00edvel e uma condu\u00e7\u00e3o mais suave.<span class=\"uJ19be notranslate\" data-wiz-uids=\"NrQE7b_p,NrQE7b_q,NrQE7b_r\" data-complete=\"true\" data-processed=\"true\"><span class=\"vKEkVd\" data-animation-atomic=\"\" data-sae=\"\">\u00a0<button class=\"rBl3me\" data-amic=\"true\" data-icl-uuid=\"9ab5bec4-c82c-478f-a2bc-556fb568112d\" aria-label=\"Mostrar links relacionados\" data-wiz-attrbind=\"disabled=NrQE7b_p\/C5gNJc;class=NrQE7b_p\/UpSNec;\" data-ved=\"2ahUKEwjg7ZjFtrORAxVuI7kGHdNbIJMQye0OegQIBBAB\"><\/button><\/span><\/span><\/div>\n<div class=\"Y3BBE\" data-sfc-cp=\"\" data-hveid=\"CAUQAA\" data-processed=\"true\" data-complete=\"true\">Os componentes principais do conjunto JF011 s\u00e3o:<button class=\"rBl3me\" data-amic=\"true\" data-icl-uuid=\"0929edd7-48b3-41e5-92a2-c9b623caab80\" aria-label=\"Mostrar links relacionados\" data-wiz-attrbind=\"disabled=NrQE7b_v\/C5gNJc;class=NrQE7b_v\/UpSNec;\" data-ved=\"2ahUKEwjg7ZjFtrORAxVuI7kGHdNbIJMQye0OegQIBRAB\"><\/button><\/div>\n<ul class=\"KsbFXc U6u95\" data-processed=\"true\" data-complete=\"true\">\n<li data-hveid=\"CAYQAA\" data-complete=\"true\" data-sae=\"\"><span class=\"T286Pc\" data-sfc-cp=\"\" data-complete=\"true\"><strong class=\"Yjhzub\" data-complete=\"true\">Duas polias c\u00f4nicas de di\u00e2metro vari\u00e1vel:<\/strong>\u00a0uma polia de entrada (conectada ao motor) e uma polia de sa\u00edda (conectada \u00e0s rodas).<\/span><\/li>\n<li data-hveid=\"CAYQAQ\" data-complete=\"true\" data-sae=\"\"><span class=\"T286Pc\" data-sfc-cp=\"\" data-complete=\"true\"><strong class=\"Yjhzub\" data-complete=\"true\">Uma correia met\u00e1lica de alta resist\u00eancia:<\/strong>\u00a0que se move entre as polias.<\/span><span class=\"uJ19be notranslate\" data-wiz-uids=\"NrQE7b_15,NrQE7b_16,NrQE7b_17\" data-complete=\"true\"><span class=\"vKEkVd\" data-animation-atomic=\"\" data-sae=\"\">\u00a0<button class=\"rBl3me\" data-amic=\"true\" data-icl-uuid=\"43583050-96f8-43ec-a76a-f7e8fd5d62d3\" aria-label=\"Mostrar links relacionados\" data-wiz-attrbind=\"disabled=NrQE7b_15\/C5gNJc;class=NrQE7b_15\/UpSNec;\" data-ved=\"2ahUKEwjg7ZjFtrORAxVuI7kGHdNbIJMQye0OegQIBhAC\"><\/button><\/span><\/span><\/li>\n<\/ul>\n<div class=\"Y3BBE\" data-sfc-cp=\"\" data-hveid=\"CAcQAA\" data-complete=\"true\" data-processed=\"true\">O di\u00e2metro efetivo de cada polia pode ser alterado, fazendo com que a correia se mova para cima ou para baixo nelas. Essa varia\u00e7\u00e3o cont\u00ednua permite que a rela\u00e7\u00e3o de transmiss\u00e3o mude de forma progressiva e sutil, sem os &#8220;solu\u00e7os&#8221; ou trancos das trocas de marcha de transmiss\u00f5es autom\u00e1ticas convencionais.<span class=\"uJ19be notranslate\" data-wiz-uids=\"NrQE7b_1b,NrQE7b_1c,NrQE7b_1d\" data-complete=\"true\" data-processed=\"true\"><span class=\"vKEkVd\" data-animation-atomic=\"\" data-sae=\"\">\u00a0<button class=\"rBl3me\" data-amic=\"true\" data-icl-uuid=\"c0a88090-1139-45b7-9f34-c4ffbd3a4e2f\" aria-label=\"Mostrar links relacionados\" data-wiz-attrbind=\"disabled=NrQE7b_1b\/C5gNJc;class=NrQE7b_1b\/UpSNec;\" data-ved=\"2ahUKEwjg7ZjFtrORAxVuI7kGHdNbIJMQye0OegQIBxAB\"><\/button><\/span><\/span><\/div>\n<div class=\"Fsg96\" data-sfc-cp=\"\" data-complete=\"true\" data-processed=\"true\"><\/div>\n<div class=\"otQkpb\" role=\"heading\" data-animation-nesting=\"\" data-sfc-cp=\"\" data-processed=\"true\" data-sae=\"\" data-complete=\"true\">Principais Caracter\u00edsticas<button class=\"rBl3me\" data-amic=\"true\" data-icl-uuid=\"e950a734-51f6-43c7-bd77-f2502d032752\" aria-label=\"Mostrar links relacionados\" data-wiz-attrbind=\"disabled=NrQE7b_1i\/C5gNJc;class=NrQE7b_1i\/UpSNec;\" data-ved=\"2ahUKEwjg7ZjFtrORAxVuI7kGHdNbIJMQye0OegQICBAA\"><\/button><\/div>\n<ul class=\"KsbFXc U6u95\" data-complete=\"true\" data-processed=\"true\">\n<li data-hveid=\"CAoQAA\" data-complete=\"true\" data-sae=\"\"><span class=\"T286Pc\" data-sfc-cp=\"\" data-complete=\"true\"><strong class=\"Yjhzub\" data-complete=\"true\">Fabricante:<\/strong>\u00a0Jatco (subsidi\u00e1ria da Nissan).<\/span><\/li>\n<li data-hveid=\"CAoQAQ\" data-complete=\"true\" data-sae=\"\"><span class=\"T286Pc\" data-sfc-cp=\"\" data-complete=\"true\"><strong class=\"Yjhzub\" data-complete=\"true\">Tipo:<\/strong>\u00a0Transmiss\u00e3o Continuamente Vari\u00e1vel (CVT).<\/span><\/li>\n<li data-hveid=\"CAoQAg\" data-complete=\"true\" data-sae=\"\"><span class=\"T286Pc\" data-sfc-cp=\"\" data-complete=\"true\"><strong class=\"Yjhzub\" data-complete=\"true\">Aplica\u00e7\u00e3o:<\/strong>\u00a0Ve\u00edculos de m\u00e9dio porte com motores geralmente 1.8L, 2.0L e 2.4L.<\/span><\/li>\n<li data-hveid=\"CAoQAw\" data-complete=\"true\" data-sae=\"\"><span class=\"T286Pc\" data-sfc-cp=\"\" data-complete=\"true\"><strong class=\"Yjhzub\" data-complete=\"true\">Fluido:<\/strong>\u00a0Requer fluido de transmiss\u00e3o CVT espec\u00edfico (como o Nissan NS-2 ou equivalente).<\/span><\/li>\n<li data-hveid=\"CAoQBA\" data-complete=\"true\" data-sae=\"\"><span class=\"T286Pc\" data-sfc-cp=\"\" data-complete=\"true\"><strong class=\"Yjhzub\" data-complete=\"true\">Componentes de manuten\u00e7\u00e3o:<\/strong>\u00a0Possui filtros de \u00f3leo internos e externos que requerem substitui\u00e7\u00e3o regular para garantir a longevidade.<\/span><span class=\"uJ19be notranslate\" data-wiz-uids=\"NrQE7b_2z,NrQE7b_30,NrQE7b_31\" data-complete=\"true\"><span class=\"vKEkVd\" data-animation-atomic=\"\" data-sae=\"\">\u00a0<button class=\"rBl3me\" data-amic=\"true\" data-icl-uuid=\"06bc2322-ccb3-43cf-8108-c37935a86031\" aria-label=\"Mostrar links relacionados\" data-wiz-attrbind=\"disabled=NrQE7b_2z\/C5gNJc;class=NrQE7b_2z\/UpSNec;\" data-ved=\"2ahUKEwjg7ZjFtrORAxVuI7kGHdNbIJMQye0OegQIChAF\"><\/button><\/span><\/span><\/li>\n<\/ul>\n<div class=\"Fsg96\" data-sfc-cp=\"\" data-complete=\"true\" data-processed=\"true\"><\/div>\n<div class=\"otQkpb\" role=\"heading\" data-animation-nesting=\"\" data-sfc-cp=\"\" data-processed=\"true\" data-sae=\"\" data-complete=\"true\">Ve\u00edculos Comuns que Utilizam o Conjunto JF011E<button class=\"rBl3me\" data-amic=\"true\" data-icl-uuid=\"87e48cdd-d913-4b53-b046-9f3780c78e97\" aria-label=\"Mostrar links relacionados\" data-wiz-attrbind=\"disabled=NrQE7b_3a\/C5gNJc;class=NrQE7b_3a\/UpSNec;\" data-ved=\"2ahUKEwjg7ZjFtrORAxVuI7kGHdNbIJMQye0OegQICxAA\"><\/button><\/div>\n<div class=\"Y3BBE\" data-sfc-cp=\"\" data-hveid=\"CAwQAA\" data-processed=\"true\" data-complete=\"true\">Este conjunto de transmiss\u00e3o foi amplamente utilizado em modelos populares, incluindo:<span class=\"uJ19be notranslate\" data-wiz-uids=\"NrQE7b_3e,NrQE7b_3f,NrQE7b_3g\" data-processed=\"true\" data-complete=\"true\"><span class=\"vKEkVd\" data-animation-atomic=\"\" data-sae=\"\">\u00a0<button class=\"rBl3me\" data-amic=\"true\" data-icl-uuid=\"d6c87b67-ece9-426f-b5c4-51797d2b47d2\" aria-label=\"Mostrar links relacionados\" data-wiz-attrbind=\"disabled=NrQE7b_3e\/C5gNJc;class=NrQE7b_3e\/UpSNec;\" data-ved=\"2ahUKEwjg7ZjFtrORAxVuI7kGHdNbIJMQye0OegQIDBAB\"><\/button><\/span><\/span><\/div>\n<ul class=\"KsbFXc U6u95\" data-processed=\"true\" data-complete=\"true\">\n<li data-hveid=\"CA0QAA\" data-complete=\"true\" data-sae=\"\"><span class=\"T286Pc\" data-sfc-cp=\"\" data-complete=\"true\"><strong class=\"Yjhzub\" data-complete=\"true\">Nissan:<\/strong>\u00a0Sentra (2008-2020), Tiida (2008-2013), X-Trail.<\/span><\/li>\n<li data-hveid=\"CA0QAQ\" data-complete=\"true\" data-sae=\"\"><span class=\"T286Pc\" data-sfc-cp=\"\" data-complete=\"true\"><strong class=\"Yjhzub\" data-complete=\"true\">Mitsubishi:<\/strong>\u00a0ASX (2010-2020), Lancer (2012-2019), Outlander (2008-2015).<\/span><\/li>\n<li data-hveid=\"CA0QAg\" data-sae=\"\" data-complete=\"true\"><span class=\"T286Pc\" data-sfc-cp=\"\" data-complete=\"true\"><strong class=\"Yjhzub\" data-complete=\"true\">Renault:<\/strong>\u00a0Fluence (2009-2019).<\/span><\/li>\n<li data-hveid=\"CA0QAw\" data-complete=\"true\" data-processed=\"true\" data-sae=\"\"><span class=\"T286Pc\" data-sfc-cp=\"\" data-complete=\"true\"><strong class=\"Yjhzub\" data-complete=\"true\">Jeep:<\/strong>\u00a0Compass (2012-2016, motor 2.0).<\/span><span class=\"uJ19be notranslate\" data-wiz-uids=\"NrQE7b_3u,NrQE7b_3v,NrQE7b_3w\" data-complete=\"true\"><span class=\"vKEkVd\" data-animation-atomic=\"\" data-sae=\"\">\u00a0<button class=\"rBl3me\" data-amic=\"true\" data-icl-uuid=\"7ee0caee-28d0-474a-b00f-78732430645d\" aria-label=\"Mostrar links relacionados\" data-wiz-attrbind=\"disabled=NrQE7b_3u\/C5gNJc;class=NrQE7b_3u\/UpSNec;\" data-ved=\"2ahUKEwjg7ZjFtrORAxVuI7kGHdNbIJMQye0OegQIDRAE\"><\/button><\/span><\/span><\/li>\n<\/ul>\n<div class=\"Y3BBE\" data-sfc-cp=\"\" data-hveid=\"CA4QAA\" data-processed=\"true\" data-complete=\"true\">A manuten\u00e7\u00e3o correta, com trocas de \u00f3leo e filtros nos intervalos recomendados, \u00e9 crucial para a durabilidade deste tipo de transmiss\u00e3o. Informa\u00e7\u00f5es t\u00e9cnicas detalhadas sobre a manuten\u00e7\u00e3o podem ser encontradas em manuais espec\u00edficos, como os disponibilizados pela APTTA Brasil.<span class=\"uJ19be notranslate\" data-wiz-uids=\"NrQE7b_42,NrQE7b_43,NrQE7b_44\" data-complete=\"true\" data-processed=\"true\"><span class=\"vKEkVd\" data-animation-atomic=\"\" data-sae=\"\">\u00a0<\/span><\/span><\/div>\n","protected":false},"excerpt":{"rendered":"<p>O conjunto da transmiss\u00e3o JF011 (tamb\u00e9m conhecido como JF011E ou RE0F10A)\u00a0\u00e9 um tipo de\u00a0transmiss\u00e3o continuamente vari\u00e1vel (CVT)\u00a0fabricado pela empresa japonesa Jatco, amplamente utilizada em diversos ve\u00edculos<span class=\"excerpt-hellip\"> [\u2026]<\/span><\/p>\n","protected":false},"featured_media":1453,"comment_status":"open","ping_status":"closed","template":"","meta":{"_joinchat":[]},"product_brand":[],"product_cat":[154],"product_tag":[],"class_list":{"0":"post-1452","1":"product","2":"type-product","3":"status-publish","4":"has-post-thumbnail","6":"product_cat-conjunto-de-polia","8":"first","9":"instock","10":"taxable","11":"shipping-taxable","12":"purchasable","13":"product-type-simple"},"_links":{"self":[{"href":"https:\/\/lojaodocambioautomatico.com.br\/index.php?rest_route=\/wp\/v2\/product\/1452","targetHints":{"allow":["GET"]}}],"collection":[{"href":"https:\/\/lojaodocambioautomatico.com.br\/index.php?rest_route=\/wp\/v2\/product"}],"about":[{"href":"https:\/\/lojaodocambioautomatico.com.br\/index.php?rest_route=\/wp\/v2\/types\/product"}],"replies":[{"embeddable":true,"href":"https:\/\/lojaodocambioautomatico.com.br\/index.php?rest_route=%2Fwp%2Fv2%2Fcomments&post=1452"}],"version-history":[{"count":1,"href":"https:\/\/lojaodocambioautomatico.com.br\/index.php?rest_route=\/wp\/v2\/product\/1452\/revisions"}],"predecessor-version":[{"id":1454,"href":"https:\/\/lojaodocambioautomatico.com.br\/index.php?rest_route=\/wp\/v2\/product\/1452\/revisions\/1454"}],"wp:featuredmedia":[{"embeddable":true,"href":"https:\/\/lojaodocambioautomatico.com.br\/index.php?rest_route=\/wp\/v2\/media\/1453"}],"wp:attachment":[{"href":"https:\/\/lojaodocambioautomatico.com.br\/index.php?rest_route=%2Fwp%2Fv2%2Fmedia&parent=1452"}],"wp:term":[{"taxonomy":"product_brand","embeddable":true,"href":"https:\/\/lojaodocambioautomatico.com.br\/index.php?rest_route=%2Fwp%2Fv2%2Fproduct_brand&post=1452"},{"taxonomy":"product_cat","embeddable":true,"href":"https:\/\/lojaodocambioautomatico.com.br\/index.php?rest_route=%2Fwp%2Fv2%2Fproduct_cat&post=1452"},{"taxonomy":"product_tag","embeddable":true,"href":"https:\/\/lojaodocambioautomatico.com.br\/index.php?rest_route=%2Fwp%2Fv2%2Fproduct_tag&post=1452"}],"curies":[{"name":"wp","href":"https:\/\/api.w.org\/{rel}","templated":true}]}}