{"id":602,"date":"2025-07-10T12:59:07","date_gmt":"2025-07-10T15:59:07","guid":{"rendered":"https:\/\/lojaodocambioautomatico.com.br\/?post_type=product&#038;p=602"},"modified":"2025-07-21T10:24:23","modified_gmt":"2025-07-21T13:24:23","slug":"filtro-5t0-baya-honda-accord-88711","status":"publish","type":"product","link":"https:\/\/lojaodocambioautomatico.com.br\/?product=filtro-5t0-baya-honda-accord-88711","title":{"rendered":"FILTRO 5T0 BAYA HONDA ACCORD 88711"},"content":{"rendered":"<p>&nbsp;<\/p>\n<p>FILTRO BAYA HONDA ACCORD 88711 &#8220;GARANTIA: Todos os nossos pedidos s\u00e3o acompanhados de nota fiscal e garantia de 90 dias para defeitos de fabrica\u00e7\u00e3o. N\u00e3o cobrimos erros de instala\u00e7\u00e3o que acabem danificando a pe\u00e7a. FRETE E ENVIOS: Todos os pedidos ser\u00e3o separados, embalados e postados em at\u00e9 no m\u00e1ximo 1 dia \u00fatil ap\u00f3s a aprova\u00e7\u00e3o do pagamento. O prazo de envio varia de acordo com sua regi\u00e3o e com a transportadora respons\u00e1vel pelo frete. Ap\u00f3s o envio, o cliente receber\u00e1 o c\u00f3digo de rastreio para acompanhar seu pedido. DEVOLU\u00c7\u00c3O E TROCA: Prazo de devolu\u00e7\u00e3o \u00e9 de 7 dias corridos da data do recebimento do produto, o produto deve ser devolvido em embalagem original e sem sinais de uso. D\u00daVIDAS: * Antes da compra, certifique-se de que esteja comprando a pe\u00e7a correta. * Qualquer d\u00favida sobre o produto ou sobre a aplica\u00e7\u00e3o do mesmo, consulte-nos por mensagem. * \u00c9 recomend\u00e1vel a procura de um profissional especializado para a manuten\u00e7\u00e3o do seu ve\u00edculo. Recomenda\u00e7\u00f5es: Pedimos que confira as informa\u00e7\u00f5es cadastrais, pois n\u00e3o podemos realizar entregas para: endere\u00e7os sem n\u00famero, cadastro sem n\u00famero de documento v\u00e1lido, nomes incompletos e caixas postais. A AFC Autoparts agradece.&#8221;<\/p>\n","protected":false},"excerpt":{"rendered":"<p>&nbsp; FILTRO BAYA HONDA ACCORD 88711 &#8220;GARANTIA: Todos os nossos pedidos s\u00e3o acompanhados de nota fiscal e garantia de 90 dias para defeitos de fabrica\u00e7\u00e3o. N\u00e3o<span class=\"excerpt-hellip\"> [\u2026]<\/span><\/p>\n","protected":false},"featured_media":600,"comment_status":"open","ping_status":"closed","template":"","meta":{"_joinchat":[]},"product_brand":[],"product_cat":[130],"product_tag":[],"class_list":{"0":"post-602","1":"product","2":"type-product","3":"status-publish","4":"has-post-thumbnail","6":"product_cat-filtros","8":"first","9":"instock","10":"taxable","11":"shipping-taxable","12":"purchasable","13":"product-type-simple"},"_links":{"self":[{"href":"https:\/\/lojaodocambioautomatico.com.br\/index.php?rest_route=\/wp\/v2\/product\/602","targetHints":{"allow":["GET"]}}],"collection":[{"href":"https:\/\/lojaodocambioautomatico.com.br\/index.php?rest_route=\/wp\/v2\/product"}],"about":[{"href":"https:\/\/lojaodocambioautomatico.com.br\/index.php?rest_route=\/wp\/v2\/types\/product"}],"replies":[{"embeddable":true,"href":"https:\/\/lojaodocambioautomatico.com.br\/index.php?rest_route=%2Fwp%2Fv2%2Fcomments&post=602"}],"version-history":[{"count":2,"href":"https:\/\/lojaodocambioautomatico.com.br\/index.php?rest_route=\/wp\/v2\/product\/602\/revisions"}],"predecessor-version":[{"id":1013,"href":"https:\/\/lojaodocambioautomatico.com.br\/index.php?rest_route=\/wp\/v2\/product\/602\/revisions\/1013"}],"wp:featuredmedia":[{"embeddable":true,"href":"https:\/\/lojaodocambioautomatico.com.br\/index.php?rest_route=\/wp\/v2\/media\/600"}],"wp:attachment":[{"href":"https:\/\/lojaodocambioautomatico.com.br\/index.php?rest_route=%2Fwp%2Fv2%2Fmedia&parent=602"}],"wp:term":[{"taxonomy":"product_brand","embeddable":true,"href":"https:\/\/lojaodocambioautomatico.com.br\/index.php?rest_route=%2Fwp%2Fv2%2Fproduct_brand&post=602"},{"taxonomy":"product_cat","embeddable":true,"href":"https:\/\/lojaodocambioautomatico.com.br\/index.php?rest_route=%2Fwp%2Fv2%2Fproduct_cat&post=602"},{"taxonomy":"product_tag","embeddable":true,"href":"https:\/\/lojaodocambioautomatico.com.br\/index.php?rest_route=%2Fwp%2Fv2%2Fproduct_tag&post=602"}],"curies":[{"name":"wp","href":"https:\/\/api.w.org\/{rel}","templated":true}]}}