{"id":702,"date":"2025-07-15T15:30:09","date_gmt":"2025-07-15T18:30:09","guid":{"rendered":"https:\/\/lojaodocambioautomatico.com.br\/?post_type=product&#038;p=702"},"modified":"2025-09-04T08:21:32","modified_gmt":"2025-09-04T11:21:32","slug":"jogo-de-disco-composite-tf72","status":"publish","type":"product","link":"https:\/\/lojaodocambioautomatico.com.br\/?product=jogo-de-disco-composite-tf72","title":{"rendered":"JOGO DE DISCO COMPOSITE TF72"},"content":{"rendered":"<p>APLICA\u00c7\u00c3O:<\/p>\n<p>JEEP RENEGADE (c\u00e2mbio autom\u00e1tico 6 marchas)<br \/>\nJEEP COMPASS (c\u00e2mbio autom\u00e1tico 6 marchas)<br \/>\nFIAT TORO (c\u00e2mbio autom\u00e1tico 6 marchas)<br \/>\nFIAT ARGO (c\u00e2mbio autom\u00e1tico 6 marchas)<br \/>\nGARANTIA: Todos os nossos pedidos incluem nota fiscal e oferecemos uma garantia de 90 dias contra defeitos de fabrica\u00e7\u00e3o. Por favor, esteja ciente de que n\u00e3o cobrimos erros de instala\u00e7\u00e3o que possam danificar a pe\u00e7a.<br \/>\nFRETE E ENVIOS: Todos os pedidos ser\u00e3o separados, embalados e postados em at\u00e9 no m\u00e1ximo 1 dia \u00fatil ap\u00f3s a aprova\u00e7\u00e3o do pagamento. O prazo de envio varia de acordo com sua regi\u00e3o e com a transportadora respons\u00e1vel pelo frete. Ap\u00f3s o envio, voc\u00ea receber\u00e1 o c\u00f3digo de rastreamento para acompanhar seu pedido (seja o transporte via correio ou transportadora).<\/p>\n<p>DEVOLU\u00c7\u00c3O E TROCA: Voc\u00ea tem um prazo de 7 dias corridos a partir da data de recebimento do produto para devolu\u00e7\u00e3o. Por favor, certifique-se de devolver o produto na embalagem original e sem sinais de uso.<br \/>\nD\u00daVIDAS:<br \/>\n&#8211; Antes de realizar a compra, verifique se est\u00e1 adquirindo a pe\u00e7a correta.<br \/>\n&#8211; Quaisquer d\u00favidas sobre o produto ou sua aplica\u00e7\u00e3o, por favor, entre em contato conosco por mensagem.<br \/>\n&#8211; Recomendamos consultar um profissional especializado para a manuten\u00e7\u00e3o do seu ve\u00edculo.<br \/>\nRecomenda\u00e7\u00f5es: Por gentileza, verificar e confirmar suas informa\u00e7\u00f5es cadastrais, pois n\u00e3o realizamos entregas para endere\u00e7os sem n\u00famero, cadastros sem documento v\u00e1lido, nomes incompletos ou caixas postais.<\/p>\n","protected":false},"excerpt":{"rendered":"<p>APLICA\u00c7\u00c3O: JEEP RENEGADE (c\u00e2mbio autom\u00e1tico 6 marchas) JEEP COMPASS (c\u00e2mbio autom\u00e1tico 6 marchas) FIAT TORO (c\u00e2mbio autom\u00e1tico 6 marchas) FIAT ARGO (c\u00e2mbio autom\u00e1tico 6 marchas) GARANTIA:<span class=\"excerpt-hellip\"> [\u2026]<\/span><\/p>\n","protected":false},"featured_media":703,"comment_status":"open","ping_status":"closed","template":"","meta":{"_joinchat":[]},"product_brand":[],"product_cat":[128],"product_tag":[],"class_list":{"0":"post-702","1":"product","2":"type-product","3":"status-publish","4":"has-post-thumbnail","6":"product_cat-discos","8":"first","9":"instock","10":"taxable","11":"shipping-taxable","12":"purchasable","13":"product-type-simple"},"_links":{"self":[{"href":"https:\/\/lojaodocambioautomatico.com.br\/index.php?rest_route=\/wp\/v2\/product\/702","targetHints":{"allow":["GET"]}}],"collection":[{"href":"https:\/\/lojaodocambioautomatico.com.br\/index.php?rest_route=\/wp\/v2\/product"}],"about":[{"href":"https:\/\/lojaodocambioautomatico.com.br\/index.php?rest_route=\/wp\/v2\/types\/product"}],"replies":[{"embeddable":true,"href":"https:\/\/lojaodocambioautomatico.com.br\/index.php?rest_route=%2Fwp%2Fv2%2Fcomments&post=702"}],"version-history":[{"count":2,"href":"https:\/\/lojaodocambioautomatico.com.br\/index.php?rest_route=\/wp\/v2\/product\/702\/revisions"}],"predecessor-version":[{"id":1001,"href":"https:\/\/lojaodocambioautomatico.com.br\/index.php?rest_route=\/wp\/v2\/product\/702\/revisions\/1001"}],"wp:featuredmedia":[{"embeddable":true,"href":"https:\/\/lojaodocambioautomatico.com.br\/index.php?rest_route=\/wp\/v2\/media\/703"}],"wp:attachment":[{"href":"https:\/\/lojaodocambioautomatico.com.br\/index.php?rest_route=%2Fwp%2Fv2%2Fmedia&parent=702"}],"wp:term":[{"taxonomy":"product_brand","embeddable":true,"href":"https:\/\/lojaodocambioautomatico.com.br\/index.php?rest_route=%2Fwp%2Fv2%2Fproduct_brand&post=702"},{"taxonomy":"product_cat","embeddable":true,"href":"https:\/\/lojaodocambioautomatico.com.br\/index.php?rest_route=%2Fwp%2Fv2%2Fproduct_cat&post=702"},{"taxonomy":"product_tag","embeddable":true,"href":"https:\/\/lojaodocambioautomatico.com.br\/index.php?rest_route=%2Fwp%2Fv2%2Fproduct_tag&post=702"}],"curies":[{"name":"wp","href":"https:\/\/api.w.org\/{rel}","templated":true}]}}