{"id":758,"date":"2025-07-16T11:35:33","date_gmt":"2025-07-16T14:35:33","guid":{"rendered":"https:\/\/lojaodocambioautomatico.com.br\/?post_type=product&#038;p=758"},"modified":"2025-07-19T11:28:56","modified_gmt":"2025-07-19T14:28:56","slug":"filtro-v4a51-mitsubishi-pajero-c-resalto-42710m","status":"publish","type":"product","link":"https:\/\/lojaodocambioautomatico.com.br\/?product=filtro-v4a51-mitsubishi-pajero-c-resalto-42710m","title":{"rendered":"FILTRO V4A51 MITSUBISHI PAJERO C\/ RESALTO 42710M"},"content":{"rendered":"<h2 class=\"ui-pdp-description__title\" data-testid=\"title\">Descri\u00e7\u00e3o<\/h2>\n<p class=\"ui-pdp-description__content\" data-testid=\"content\">Aplica\u00e7\u00e3o:<br \/>\nMITSUBISHI PAJERO SPORT 3.0 V6 &#8211; GASOLINA &#8211; 1998 A 2006<br \/>\nMITSUBISHI PAJERO FULL 3.2 DID DIESEL (MODERNA) &#8211; 2007 &#8211;&gt; EM DIANTE<br \/>\nMITSUBISHI PAJERO SPORT 2.8 DIESEL &#8211; 2000 A 2007<br \/>\nMITSUBISHI PAJERO SPORT 3.5 V6 &#8211; GASOLINA &#8211; 2006 A 2011<\/p>\n<p>ITENS INCLUSOS:<br \/>\n01 &#8211; Filtro de \u00f3leo interno<\/p>\n","protected":false},"excerpt":{"rendered":"<p>Descri\u00e7\u00e3o Aplica\u00e7\u00e3o: MITSUBISHI PAJERO SPORT 3.0 V6 &#8211; GASOLINA &#8211; 1998 A 2006 MITSUBISHI PAJERO FULL 3.2 DID DIESEL (MODERNA) &#8211; 2007 &#8211;&gt; EM DIANTE MITSUBISHI<span class=\"excerpt-hellip\"> [\u2026]<\/span><\/p>\n","protected":false},"featured_media":956,"comment_status":"open","ping_status":"closed","template":"","meta":{"_joinchat":[]},"product_brand":[],"product_cat":[130],"product_tag":[],"class_list":{"0":"post-758","1":"product","2":"type-product","3":"status-publish","4":"has-post-thumbnail","6":"product_cat-filtros","8":"first","9":"instock","10":"taxable","11":"shipping-taxable","12":"purchasable","13":"product-type-simple"},"_links":{"self":[{"href":"https:\/\/lojaodocambioautomatico.com.br\/index.php?rest_route=\/wp\/v2\/product\/758","targetHints":{"allow":["GET"]}}],"collection":[{"href":"https:\/\/lojaodocambioautomatico.com.br\/index.php?rest_route=\/wp\/v2\/product"}],"about":[{"href":"https:\/\/lojaodocambioautomatico.com.br\/index.php?rest_route=\/wp\/v2\/types\/product"}],"replies":[{"embeddable":true,"href":"https:\/\/lojaodocambioautomatico.com.br\/index.php?rest_route=%2Fwp%2Fv2%2Fcomments&post=758"}],"version-history":[{"count":2,"href":"https:\/\/lojaodocambioautomatico.com.br\/index.php?rest_route=\/wp\/v2\/product\/758\/revisions"}],"predecessor-version":[{"id":957,"href":"https:\/\/lojaodocambioautomatico.com.br\/index.php?rest_route=\/wp\/v2\/product\/758\/revisions\/957"}],"wp:featuredmedia":[{"embeddable":true,"href":"https:\/\/lojaodocambioautomatico.com.br\/index.php?rest_route=\/wp\/v2\/media\/956"}],"wp:attachment":[{"href":"https:\/\/lojaodocambioautomatico.com.br\/index.php?rest_route=%2Fwp%2Fv2%2Fmedia&parent=758"}],"wp:term":[{"taxonomy":"product_brand","embeddable":true,"href":"https:\/\/lojaodocambioautomatico.com.br\/index.php?rest_route=%2Fwp%2Fv2%2Fproduct_brand&post=758"},{"taxonomy":"product_cat","embeddable":true,"href":"https:\/\/lojaodocambioautomatico.com.br\/index.php?rest_route=%2Fwp%2Fv2%2Fproduct_cat&post=758"},{"taxonomy":"product_tag","embeddable":true,"href":"https:\/\/lojaodocambioautomatico.com.br\/index.php?rest_route=%2Fwp%2Fv2%2Fproduct_tag&post=758"}],"curies":[{"name":"wp","href":"https:\/\/api.w.org\/{rel}","templated":true}]}}