{"id":787,"date":"2025-07-16T13:01:41","date_gmt":"2025-07-16T16:01:41","guid":{"rendered":"https:\/\/lojaodocambioautomatico.com.br\/?post_type=product&#038;p=787"},"modified":"2025-08-12T13:01:42","modified_gmt":"2025-08-12T16:01:42","slug":"filtro-al4-pegeout-citroen-renault-52710g","status":"publish","type":"product","link":"https:\/\/lojaodocambioautomatico.com.br\/?product=filtro-al4-pegeout-citroen-renault-52710g","title":{"rendered":"FILTRO AL4 PEGEOUT CITROEN RENAULT 52710G"},"content":{"rendered":"<h2 class=\"ui-pdp-description__title\" data-testid=\"title\">Descri\u00e7\u00e3o<\/h2>\n<p class=\"ui-pdp-description__content\" data-testid=\"content\">&gt; FILTRO C\u00c2MBIO AUTOM\u00c1TICO AL4<\/p>\n<p>&gt; APLICA\u00c7\u00c3O:<br \/>\n&#8211; Citroen &#8211; C3, C4, C4 Picasso, Pallas, Xcsara Picasso<br \/>\n&#8211; Peugeot &#8211; 206, 207, 307, 406, 407, 408<br \/>\n&#8211; Renault &#8211; Logan,Megane, Scenic, Sandero, Duster<\/p>\n","protected":false},"excerpt":{"rendered":"<p>Descri\u00e7\u00e3o &gt; FILTRO C\u00c2MBIO AUTOM\u00c1TICO AL4 &gt; APLICA\u00c7\u00c3O: &#8211; Citroen &#8211; C3, C4, C4 Picasso, Pallas, Xcsara Picasso &#8211; Peugeot &#8211; 206, 207, 307, 406, 407,<span class=\"excerpt-hellip\"> [\u2026]<\/span><\/p>\n","protected":false},"featured_media":927,"comment_status":"open","ping_status":"closed","template":"","meta":{"_joinchat":[]},"product_brand":[],"product_cat":[130],"product_tag":[],"class_list":{"0":"post-787","1":"product","2":"type-product","3":"status-publish","4":"has-post-thumbnail","6":"product_cat-filtros","8":"first","9":"instock","10":"taxable","11":"shipping-taxable","12":"purchasable","13":"product-type-simple"},"_links":{"self":[{"href":"https:\/\/lojaodocambioautomatico.com.br\/index.php?rest_route=\/wp\/v2\/product\/787","targetHints":{"allow":["GET"]}}],"collection":[{"href":"https:\/\/lojaodocambioautomatico.com.br\/index.php?rest_route=\/wp\/v2\/product"}],"about":[{"href":"https:\/\/lojaodocambioautomatico.com.br\/index.php?rest_route=\/wp\/v2\/types\/product"}],"replies":[{"embeddable":true,"href":"https:\/\/lojaodocambioautomatico.com.br\/index.php?rest_route=%2Fwp%2Fv2%2Fcomments&post=787"}],"version-history":[{"count":3,"href":"https:\/\/lojaodocambioautomatico.com.br\/index.php?rest_route=\/wp\/v2\/product\/787\/revisions"}],"predecessor-version":[{"id":1303,"href":"https:\/\/lojaodocambioautomatico.com.br\/index.php?rest_route=\/wp\/v2\/product\/787\/revisions\/1303"}],"wp:featuredmedia":[{"embeddable":true,"href":"https:\/\/lojaodocambioautomatico.com.br\/index.php?rest_route=\/wp\/v2\/media\/927"}],"wp:attachment":[{"href":"https:\/\/lojaodocambioautomatico.com.br\/index.php?rest_route=%2Fwp%2Fv2%2Fmedia&parent=787"}],"wp:term":[{"taxonomy":"product_brand","embeddable":true,"href":"https:\/\/lojaodocambioautomatico.com.br\/index.php?rest_route=%2Fwp%2Fv2%2Fproduct_brand&post=787"},{"taxonomy":"product_cat","embeddable":true,"href":"https:\/\/lojaodocambioautomatico.com.br\/index.php?rest_route=%2Fwp%2Fv2%2Fproduct_cat&post=787"},{"taxonomy":"product_tag","embeddable":true,"href":"https:\/\/lojaodocambioautomatico.com.br\/index.php?rest_route=%2Fwp%2Fv2%2Fproduct_tag&post=787"}],"curies":[{"name":"wp","href":"https:\/\/api.w.org\/{rel}","templated":true}]}}