{"id":813,"date":"2025-07-16T15:02:04","date_gmt":"2025-07-16T18:02:04","guid":{"rendered":"https:\/\/lojaodocambioautomatico.com.br\/?post_type=product&#038;p=813"},"modified":"2025-07-19T11:24:06","modified_gmt":"2025-07-19T14:24:06","slug":"filtro-swma-smma-cvt-fit-plastico","status":"publish","type":"product","link":"https:\/\/lojaodocambioautomatico.com.br\/?product=filtro-swma-smma-cvt-fit-plastico","title":{"rendered":"FILTRO SWMA\/ SMMA CVT FIT PL\u00c1STICO"},"content":{"rendered":"<h2 class=\"ui-pdp-description__title\" data-testid=\"title\">Descri\u00e7\u00e3o<\/h2>\n<p class=\"ui-pdp-description__content\" data-testid=\"content\">ITENS INCLUSOS:<br \/>\n\u2022 1 Filtro interno<\/p>\n<p>DESCRI\u00c7\u00c3O:<br \/>\nFILTRO SWRA \/ SMMA CVT HONDA FIT PL\u00c1STICO 98712<\/p>\n<p>VE\u00cdCULOS COMPAT\u00cdVEIS:<br \/>\nHonda:<br \/>\n\u2022 Fit 2003 1.4 8V SWRA<br \/>\n\u2022 Fit 2004 1.4 16V SWRA<br \/>\n\u2022 Fit 2004 1.4 8V SWRA<br \/>\n\u2022 Fit 2005 1.4 16V SWRA<br \/>\n\u2022 Fit 2005 1.4 8V SWRA<br \/>\n\u2022 Fit 2005 1.5 16V SWRA<br \/>\n\u2022 Fit 2006 1.4 8V SWRA<br \/>\n\u2022 Fit 2006 1.4 16V SWRA<br \/>\n\u2022 Fit 2006 1.5 16V SWRA<br \/>\n\u2022 Fit 2007 1.5 16V SMMA \/ MP5A \/ SP5A<br \/>\n\u2022 Fit 2007 1.4 16V SWRA<br \/>\n\u2022 Fit 2007 1.4 8V SWRA<br \/>\n\u2022 Fit 2008 1.4 16V SWRA<br \/>\n\u2022 Fit 2008 1.5 16V SWRA<br \/>\n\u2022 Fit 2008 1.5 16V SMMA \/ MP5A \/ SP5A<br \/>\n\u2022 Fit 2008 1.4 8V SWRA<br \/>\n\u2022 Fit 2009 1.5 16V SWRA<\/p>\n","protected":false},"excerpt":{"rendered":"<p>Descri\u00e7\u00e3o ITENS INCLUSOS: \u2022 1 Filtro interno DESCRI\u00c7\u00c3O: FILTRO SWRA \/ SMMA CVT HONDA FIT PL\u00c1STICO 98712 VE\u00cdCULOS COMPAT\u00cdVEIS: Honda: \u2022 Fit 2003 1.4 8V SWRA<span class=\"excerpt-hellip\"> [\u2026]<\/span><\/p>\n","protected":false},"featured_media":952,"comment_status":"open","ping_status":"closed","template":"","meta":{"_joinchat":[]},"product_brand":[],"product_cat":[130],"product_tag":[],"class_list":{"0":"post-813","1":"product","2":"type-product","3":"status-publish","4":"has-post-thumbnail","6":"product_cat-filtros","8":"first","9":"instock","10":"taxable","11":"shipping-taxable","12":"purchasable","13":"product-type-simple"},"_links":{"self":[{"href":"https:\/\/lojaodocambioautomatico.com.br\/index.php?rest_route=\/wp\/v2\/product\/813","targetHints":{"allow":["GET"]}}],"collection":[{"href":"https:\/\/lojaodocambioautomatico.com.br\/index.php?rest_route=\/wp\/v2\/product"}],"about":[{"href":"https:\/\/lojaodocambioautomatico.com.br\/index.php?rest_route=\/wp\/v2\/types\/product"}],"replies":[{"embeddable":true,"href":"https:\/\/lojaodocambioautomatico.com.br\/index.php?rest_route=%2Fwp%2Fv2%2Fcomments&post=813"}],"version-history":[{"count":3,"href":"https:\/\/lojaodocambioautomatico.com.br\/index.php?rest_route=\/wp\/v2\/product\/813\/revisions"}],"predecessor-version":[{"id":954,"href":"https:\/\/lojaodocambioautomatico.com.br\/index.php?rest_route=\/wp\/v2\/product\/813\/revisions\/954"}],"wp:featuredmedia":[{"embeddable":true,"href":"https:\/\/lojaodocambioautomatico.com.br\/index.php?rest_route=\/wp\/v2\/media\/952"}],"wp:attachment":[{"href":"https:\/\/lojaodocambioautomatico.com.br\/index.php?rest_route=%2Fwp%2Fv2%2Fmedia&parent=813"}],"wp:term":[{"taxonomy":"product_brand","embeddable":true,"href":"https:\/\/lojaodocambioautomatico.com.br\/index.php?rest_route=%2Fwp%2Fv2%2Fproduct_brand&post=813"},{"taxonomy":"product_cat","embeddable":true,"href":"https:\/\/lojaodocambioautomatico.com.br\/index.php?rest_route=%2Fwp%2Fv2%2Fproduct_cat&post=813"},{"taxonomy":"product_tag","embeddable":true,"href":"https:\/\/lojaodocambioautomatico.com.br\/index.php?rest_route=%2Fwp%2Fv2%2Fproduct_tag&post=813"}],"curies":[{"name":"wp","href":"https:\/\/api.w.org\/{rel}","templated":true}]}}