{"id":885,"date":"2025-07-17T16:35:04","date_gmt":"2025-07-17T19:35:04","guid":{"rendered":"https:\/\/lojaodocambioautomatico.com.br\/?post_type=product&#038;p=885"},"modified":"2025-12-10T13:12:39","modified_gmt":"2025-12-10T16:12:39","slug":"bucha-do-eixo-da-tampa-traseira-da-al4","status":"publish","type":"product","link":"https:\/\/lojaodocambioautomatico.com.br\/?product=bucha-do-eixo-da-tampa-traseira-da-al4","title":{"rendered":"BUCHA DO EIXO DA TAMPA TRASEIRA DA AL4"},"content":{"rendered":"<h2 class=\"ui-pdp-description__title\" data-testid=\"title\">Descri\u00e7\u00e3o<\/h2>\n<p class=\"ui-pdp-description__content\" data-testid=\"content\">BUCHA SONNAX 120002 DO TAMBOR TRASEIRO DO C\u00c2MBIO AUTOM\u00c1TICO AL4<\/p>\n<p>CITROEN, RENAULT E PEUGEOT<\/p>\n<p>Citroen C3 \/ Picasso, C4 \/ Pallas<br \/>\nRenault Laguna, Megane, Sandero e Scenic<br \/>\nPeugeot 2008, 206, 207, 208, 307, 308, 407 e 408<\/p>\n<p>N\u00famero Original 120002<\/p>\n<p>Bucha Nova, 0km, marca SONNAX!<br \/>\nA marca de maior Qualidade do Mercado atualmente!<br \/>\nFotos Reais do Produto<\/p>\n","protected":false},"excerpt":{"rendered":"<p>Descri\u00e7\u00e3o BUCHA SONNAX 120002 DO TAMBOR TRASEIRO DO C\u00c2MBIO AUTOM\u00c1TICO AL4 CITROEN, RENAULT E PEUGEOT Citroen C3 \/ Picasso, C4 \/ Pallas Renault Laguna, Megane, Sandero<span class=\"excerpt-hellip\"> [\u2026]<\/span><\/p>\n","protected":false},"featured_media":906,"comment_status":"open","ping_status":"closed","template":"","meta":{"_joinchat":[]},"product_brand":[],"product_cat":[150],"product_tag":[],"class_list":{"0":"post-885","1":"product","2":"type-product","3":"status-publish","4":"has-post-thumbnail","6":"product_cat-buchas","8":"first","9":"outofstock","10":"taxable","11":"shipping-taxable","12":"purchasable","13":"product-type-simple"},"_links":{"self":[{"href":"https:\/\/lojaodocambioautomatico.com.br\/index.php?rest_route=\/wp\/v2\/product\/885","targetHints":{"allow":["GET"]}}],"collection":[{"href":"https:\/\/lojaodocambioautomatico.com.br\/index.php?rest_route=\/wp\/v2\/product"}],"about":[{"href":"https:\/\/lojaodocambioautomatico.com.br\/index.php?rest_route=\/wp\/v2\/types\/product"}],"replies":[{"embeddable":true,"href":"https:\/\/lojaodocambioautomatico.com.br\/index.php?rest_route=%2Fwp%2Fv2%2Fcomments&post=885"}],"version-history":[{"count":5,"href":"https:\/\/lojaodocambioautomatico.com.br\/index.php?rest_route=\/wp\/v2\/product\/885\/revisions"}],"predecessor-version":[{"id":901,"href":"https:\/\/lojaodocambioautomatico.com.br\/index.php?rest_route=\/wp\/v2\/product\/885\/revisions\/901"}],"wp:featuredmedia":[{"embeddable":true,"href":"https:\/\/lojaodocambioautomatico.com.br\/index.php?rest_route=\/wp\/v2\/media\/906"}],"wp:attachment":[{"href":"https:\/\/lojaodocambioautomatico.com.br\/index.php?rest_route=%2Fwp%2Fv2%2Fmedia&parent=885"}],"wp:term":[{"taxonomy":"product_brand","embeddable":true,"href":"https:\/\/lojaodocambioautomatico.com.br\/index.php?rest_route=%2Fwp%2Fv2%2Fproduct_brand&post=885"},{"taxonomy":"product_cat","embeddable":true,"href":"https:\/\/lojaodocambioautomatico.com.br\/index.php?rest_route=%2Fwp%2Fv2%2Fproduct_cat&post=885"},{"taxonomy":"product_tag","embeddable":true,"href":"https:\/\/lojaodocambioautomatico.com.br\/index.php?rest_route=%2Fwp%2Fv2%2Fproduct_tag&post=885"}],"curies":[{"name":"wp","href":"https:\/\/api.w.org\/{rel}","templated":true}]}}